{"id":10249,"date":"2025-12-18T22:01:27","date_gmt":"2025-12-18T22:01:27","guid":{"rendered":"https:\/\/guitarmusichall.com.mx\/shop\/?post_type=product&#038;p=10249"},"modified":"2025-12-18T22:12:42","modified_gmt":"2025-12-18T22:12:42","slug":"jackson-js3-spectra-iv-sb","status":"publish","type":"product","link":"https:\/\/guitarmusichall.com.mx\/shop\/producto\/jackson-js3-spectra-iv-sb\/","title":{"rendered":"JACKSON JS3 SPECTRA IV SB"},"content":{"rendered":"","protected":false},"excerpt":{"rendered":"<p><strong>DESCRIPCION DEL PRODUCTO<\/strong><\/p>\n<p>Bajo El\u00e9ctrico Jackson JS3 Spectra SB<\/p>\n<p><strong>NUMERO DE PRODUCTO<\/strong><\/p>\n<p>2919904521<\/p>\n<p><strong>CARACTERISTICAS DEL PRODUCTO<\/strong><\/p>\n<p>Un estilo vers\u00e1til y un sonido enorme se combinan en el nuevo Spectra Bass JS3 de la serie JS.<\/p>\n<p>El nuevo estilo de cuerpo descentrado fue dise\u00f1ado pensando en el artista. El cuerpo de \u00e1lamo, con un amplio cuerno superior, distribuye el peso uniformemente por todo el instrumento, proporcionando un equilibrio perfecto al reducir la inclinaci\u00f3n del m\u00e1stil para disfrutar de horas de interpretaci\u00f3n c\u00f3moda. Un m\u00e1stil de arce atornillado con uni\u00f3n en bisel genera un sustain formidable, mientras que el contorno r\u00e1pido del m\u00e1stil y el diapas\u00f3n de laurel con radio compuesto de 12&#8243;-16&#8243; (con 24 trastes) garantizan una ejecuci\u00f3n ultrarr\u00e1pida.<\/p>\n<p>El Spectra Bass JS3 ofrece un sonido tan \u00fanico como el bajista que lo interpreta. Ya sea funk, hard rock o gospel, las dos pastillas humbucker pasivas Jackson de salida media crean un gru\u00f1ido impresionante en graves, mientras que el puente HiMass proporciona una estabilidad s\u00f3lida, un sustain mejorado y un tono m\u00e1s audaz. El sonido se puede refinar y ajustar a\u00fan m\u00e1s con un interruptor de palanca de dos posiciones para la divisi\u00f3n de la bobina de la pastilla, el ecualizador de 3 bandas (solo activo), el control de mezcla y el control de volumen (con selector push\/pull para omitir o activar el circuito activo del ecualizador de 3 bandas). Con el selector push\/pull, nunca tendr\u00e1s que preocuparte por que se agote la bater\u00eda y se pierda el sonido. Un r\u00e1pido tir\u00f3n del control de volumen omitir\u00e1 el circuito activo, lo que facilita recuperar el sonido del bajo sin usar la bater\u00eda.<\/p>\n<p>* Cuerpo Poplar<\/p>\n<p>* Brazo Maple<\/p>\n<p>* Diapas\u00f3n Laurel<\/p>\n<p>* Pastillas Jackson Medium-Output Humbucking<\/p>\n<p>* Maquinaria Jackson Sealed Die-Cast<\/p>\n<p>* Color Silverburst<\/p>\n","protected":false},"featured_media":10251,"template":"","meta":{"site-sidebar-layout":"default","site-content-layout":"","ast-site-content-layout":"default","site-content-style":"default","site-sidebar-style":"default","ast-global-header-display":"","ast-banner-title-visibility":"","ast-main-header-display":"","ast-hfb-above-header-display":"","ast-hfb-below-header-display":"","ast-hfb-mobile-header-display":"","site-post-title":"","ast-breadcrumbs-content":"","ast-featured-img":"","footer-sml-layout":"","ast-disable-related-posts":"","theme-transparent-header-meta":"default","adv-header-id-meta":"","stick-header-meta":"","header-above-stick-meta":"","header-main-stick-meta":"","header-below-stick-meta":"","astra-migrate-meta-layouts":"set","ast-page-background-enabled":"default","ast-page-background-meta":{"desktop":{"background-color":"","background-image":"","background-repeat":"repeat","background-position":"center center","background-size":"auto","background-attachment":"scroll","background-type":"","background-media":"","overlay-type":"","overlay-color":"","overlay-opacity":"","overlay-gradient":""},"tablet":{"background-color":"","background-image":"","background-repeat":"repeat","background-position":"center center","background-size":"auto","background-attachment":"scroll","background-type":"","background-media":"","overlay-type":"","overlay-color":"","overlay-opacity":"","overlay-gradient":""},"mobile":{"background-color":"","background-image":"","background-repeat":"repeat","background-position":"center center","background-size":"auto","background-attachment":"scroll","background-type":"","background-media":"","overlay-type":"","overlay-color":"","overlay-opacity":"","overlay-gradient":""}},"ast-content-background-meta":{"desktop":{"background-color":"var(--ast-global-color-5)","background-image":"","background-repeat":"repeat","background-position":"center center","background-size":"auto","background-attachment":"scroll","background-type":"","background-media":"","overlay-type":"","overlay-color":"","overlay-opacity":"","overlay-gradient":""},"tablet":{"background-color":"var(--ast-global-color-5)","background-image":"","background-repeat":"repeat","background-position":"center center","background-size":"auto","background-attachment":"scroll","background-type":"","background-media":"","overlay-type":"","overlay-color":"","overlay-opacity":"","overlay-gradient":""},"mobile":{"background-color":"var(--ast-global-color-5)","background-image":"","background-repeat":"repeat","background-position":"center center","background-size":"auto","background-attachment":"scroll","background-type":"","background-media":"","overlay-type":"","overlay-color":"","overlay-opacity":"","overlay-gradient":""}}},"product_brand":[],"product_cat":[26,186],"product_tag":[],"class_list":{"0":"post-10249","1":"product","2":"type-product","3":"status-publish","4":"has-post-thumbnail","6":"product_cat-bajos","7":"product_cat-jackson","8":"product_shipping_class-producto-extra-grande","9":"desktop-align-left","10":"tablet-align-left","11":"mobile-align-left","13":"first","14":"instock","15":"shipping-taxable","16":"purchasable","17":"product-type-simple"},"jetpack_sharing_enabled":true,"_links":{"self":[{"href":"https:\/\/guitarmusichall.com.mx\/shop\/wp-json\/wp\/v2\/product\/10249","targetHints":{"allow":["GET"]}}],"collection":[{"href":"https:\/\/guitarmusichall.com.mx\/shop\/wp-json\/wp\/v2\/product"}],"about":[{"href":"https:\/\/guitarmusichall.com.mx\/shop\/wp-json\/wp\/v2\/types\/product"}],"wp:featuredmedia":[{"embeddable":true,"href":"https:\/\/guitarmusichall.com.mx\/shop\/wp-json\/wp\/v2\/media\/10251"}],"wp:attachment":[{"href":"https:\/\/guitarmusichall.com.mx\/shop\/wp-json\/wp\/v2\/media?parent=10249"}],"wp:term":[{"taxonomy":"product_brand","embeddable":true,"href":"https:\/\/guitarmusichall.com.mx\/shop\/wp-json\/wp\/v2\/product_brand?post=10249"},{"taxonomy":"product_cat","embeddable":true,"href":"https:\/\/guitarmusichall.com.mx\/shop\/wp-json\/wp\/v2\/product_cat?post=10249"},{"taxonomy":"product_tag","embeddable":true,"href":"https:\/\/guitarmusichall.com.mx\/shop\/wp-json\/wp\/v2\/product_tag?post=10249"}],"curies":[{"name":"wp","href":"https:\/\/api.w.org\/{rel}","templated":true}]}}