{"id":10305,"date":"2025-12-23T22:18:37","date_gmt":"2025-12-23T22:18:37","guid":{"rendered":"https:\/\/guitarmusichall.com.mx\/shop\/?post_type=product&#038;p=10305"},"modified":"2025-12-23T22:25:43","modified_gmt":"2025-12-23T22:25:43","slug":"ehx-oceans-abyss-reverb-lab","status":"publish","type":"product","link":"https:\/\/guitarmusichall.com.mx\/shop\/producto\/ehx-oceans-abyss-reverb-lab\/","title":{"rendered":"EHX OCEANS ABYSS REVERB LAB"},"content":{"rendered":"","protected":false},"excerpt":{"rendered":"<p><strong>DESCRIPCION DEL PRODUCTO<\/strong><\/p>\n<p>Pedal Electro-Harmonix Oceans Abyss Advanced Reverb Laboratory<\/p>\n<p><strong>NUMERO DE PRODUCTO\u00a0<\/strong><\/p>\n<p>OCEANSABYSS<\/p>\n<p><strong>CARACTERISTICAS DEL PRODUCTO<\/strong><\/p>\n<p>Sum\u00e9rgete en la atm\u00f3sfera m\u00e1s profunda con el Laboratorio de Reverberaci\u00f3n Avanzada Oceans Abyss.<\/p>\n<p>Oceans Abyss ampl\u00eda la aclamada tecnolog\u00eda de reverberaci\u00f3n de Electro-Harmonix para ofrecer una estaci\u00f3n de trabajo de efectos verdaderamente inmersiva. El pedal se centra en dos motores de reverberaci\u00f3n programables de forma independiente con algoritmos est\u00e9reo completos, como Hall, Spring, Shimmer y m\u00e1s. Integra estas reverberaciones en una ruta de se\u00f1al personalizable con bloques de efectos adicionales como Delay, Chorus, Tremolo o Bit Crusher para una experiencia de creaci\u00f3n de paisajes sonoros completamente \u00fanica.<\/p>\n<p>Dos reverberaciones est\u00e9reo disponibles simult\u00e1neamente, cada una con panoramizaci\u00f3n completa en est\u00e9reo<br \/>\n. 10 tipos de reverberaci\u00f3n disponibles: Room, Hall, Spring, Plate, Reverse, Dynamic, Auto-Infinite, Shimmer, Polyphonic, Resonant<br \/>\n. Bloques de efectos adicionales: Delay (emulaciones digitales, anal\u00f3gicas y de cinta), Tremolo, Chorus, Flanger, Phaser, Ecualizador gr\u00e1fico, Saturaci\u00f3n, Bit Crusher, Loop de efectos externo, Volumen<br \/>\n. Cree rutas de se\u00f1al personalizadas con hasta 8 bloques de efectos. Dos bloques pueden ser de reverberaci\u00f3n y el resto, de cualquiera de los bloques de efectos adicionales.<br \/>\nSustain de reverberaci\u00f3n infinita con solo presionar un pedal. Video de demostraci\u00f3n<br \/>\nde E\/S de audio est\u00e9reo.<\/p>\n<p>&nbsp;<\/p>\n<p>&nbsp;<\/p>\n<p>&nbsp;<\/p>\n","protected":false},"featured_media":10306,"template":"","meta":{"site-sidebar-layout":"default","site-content-layout":"","ast-site-content-layout":"default","site-content-style":"default","site-sidebar-style":"default","ast-global-header-display":"","ast-banner-title-visibility":"","ast-main-header-display":"","ast-hfb-above-header-display":"","ast-hfb-below-header-display":"","ast-hfb-mobile-header-display":"","site-post-title":"","ast-breadcrumbs-content":"","ast-featured-img":"","footer-sml-layout":"","ast-disable-related-posts":"","theme-transparent-header-meta":"default","adv-header-id-meta":"","stick-header-meta":"","header-above-stick-meta":"","header-main-stick-meta":"","header-below-stick-meta":"","astra-migrate-meta-layouts":"set","ast-page-background-enabled":"default","ast-page-background-meta":{"desktop":{"background-color":"","background-image":"","background-repeat":"repeat","background-position":"center center","background-size":"auto","background-attachment":"scroll","background-type":"","background-media":"","overlay-type":"","overlay-color":"","overlay-opacity":"","overlay-gradient":""},"tablet":{"background-color":"","background-image":"","background-repeat":"repeat","background-position":"center center","background-size":"auto","background-attachment":"scroll","background-type":"","background-media":"","overlay-type":"","overlay-color":"","overlay-opacity":"","overlay-gradient":""},"mobile":{"background-color":"","background-image":"","background-repeat":"repeat","background-position":"center center","background-size":"auto","background-attachment":"scroll","background-type":"","background-media":"","overlay-type":"","overlay-color":"","overlay-opacity":"","overlay-gradient":""}},"ast-content-background-meta":{"desktop":{"background-color":"var(--ast-global-color-5)","background-image":"","background-repeat":"repeat","background-position":"center center","background-size":"auto","background-attachment":"scroll","background-type":"","background-media":"","overlay-type":"","overlay-color":"","overlay-opacity":"","overlay-gradient":""},"tablet":{"background-color":"var(--ast-global-color-5)","background-image":"","background-repeat":"repeat","background-position":"center center","background-size":"auto","background-attachment":"scroll","background-type":"","background-media":"","overlay-type":"","overlay-color":"","overlay-opacity":"","overlay-gradient":""},"mobile":{"background-color":"var(--ast-global-color-5)","background-image":"","background-repeat":"repeat","background-position":"center center","background-size":"auto","background-attachment":"scroll","background-type":"","background-media":"","overlay-type":"","overlay-color":"","overlay-opacity":"","overlay-gradient":""}}},"product_brand":[],"product_cat":[36,153],"product_tag":[],"class_list":{"0":"post-10305","1":"product","2":"type-product","3":"status-publish","4":"has-post-thumbnail","6":"product_cat-electro-harmonix","7":"product_cat-electro-harmonix-guit","8":"product_shipping_class-producto-extra-grande","9":"desktop-align-left","10":"tablet-align-left","11":"mobile-align-left","13":"first","14":"instock","15":"shipping-taxable","16":"purchasable","17":"product-type-simple"},"jetpack_sharing_enabled":true,"_links":{"self":[{"href":"https:\/\/guitarmusichall.com.mx\/shop\/wp-json\/wp\/v2\/product\/10305","targetHints":{"allow":["GET"]}}],"collection":[{"href":"https:\/\/guitarmusichall.com.mx\/shop\/wp-json\/wp\/v2\/product"}],"about":[{"href":"https:\/\/guitarmusichall.com.mx\/shop\/wp-json\/wp\/v2\/types\/product"}],"wp:featuredmedia":[{"embeddable":true,"href":"https:\/\/guitarmusichall.com.mx\/shop\/wp-json\/wp\/v2\/media\/10306"}],"wp:attachment":[{"href":"https:\/\/guitarmusichall.com.mx\/shop\/wp-json\/wp\/v2\/media?parent=10305"}],"wp:term":[{"taxonomy":"product_brand","embeddable":true,"href":"https:\/\/guitarmusichall.com.mx\/shop\/wp-json\/wp\/v2\/product_brand?post=10305"},{"taxonomy":"product_cat","embeddable":true,"href":"https:\/\/guitarmusichall.com.mx\/shop\/wp-json\/wp\/v2\/product_cat?post=10305"},{"taxonomy":"product_tag","embeddable":true,"href":"https:\/\/guitarmusichall.com.mx\/shop\/wp-json\/wp\/v2\/product_tag?post=10305"}],"curies":[{"name":"wp","href":"https:\/\/api.w.org\/{rel}","templated":true}]}}