{"id":2412,"date":"2020-12-21T21:55:37","date_gmt":"2020-12-21T21:55:37","guid":{"rendered":"https:\/\/guitarmusichall.com.mx\/shop\/?post_type=product&#038;p=2412"},"modified":"2023-10-19T20:40:49","modified_gmt":"2023-10-19T20:40:49","slug":"ehx-oceans-12-dual-stereo-reverb","status":"publish","type":"product","link":"https:\/\/guitarmusichall.com.mx\/shop\/producto\/ehx-oceans-12-dual-stereo-reverb\/","title":{"rendered":"EHX OCEANS 12 DUAL STEREO REVERB"},"content":{"rendered":"","protected":false},"excerpt":{"rendered":"<p><strong>DESCRIPCION DEL PRODUCTO<\/strong><\/p>\n<p>Pedal Electro-Harmonix Oceans 12 Dual Stereo Reverb<\/p>\n<p><strong>NUMERO DE PRODUCTO<\/strong><\/p>\n<p>OCEANS12<\/p>\n<p><strong>CARACTERISTICAS DEL PRODUCTO<\/strong><\/p>\n<p>El hermano mayor de Oceans 11 con a\u00fan m\u00e1s reverberaciones y funcionalidad. Cuenta con dos motores de reverberaci\u00f3n est\u00e9reo simult\u00e1neos e independientes, control en serie y en paralelo para las reverberaciones duales, 24 preajustes y E\/S avanzadas que permiten entrada\/salida est\u00e9reo o env\u00edo\/retorno mono con opciones de pre y post reverberaci\u00f3n. El pedal tambi\u00e9n incluye un nuevo control de marea para alterar la imagen est\u00e9reo, un control de baja fidelidad, un control de atenuaci\u00f3n infinita y un conector de entrada para expresi\u00f3n externa y control de interruptor de pie de 3 botones.<\/p>\n<p>Un interruptor Tails ofrece la opci\u00f3n de si el efecto de reverberaci\u00f3n se desvanece de forma natural o se detiene inmediatamente cuando el pedal se cambia a bypass. En la mayor\u00eda de los ajustes, el pedal tambi\u00e9n es capaz de producir una reverberaci\u00f3n infinita que se puede reproducir con un efecto de reverberaci\u00f3n diferente.<\/p>\n<p>* 2 motores de reverberaci\u00f3n est\u00e9reo simult\u00e1neos e independientes<\/p>\n<p>* Control en serie y en paralelo para las reverberaciones duales<\/p>\n<p>* 24 Preajustes<\/p>\n<p>* Entrada\/salida est\u00e9reo o env\u00edo\/retorno mono con opciones de pre y post reverberaci\u00f3n<\/p>\n<p>* Control de marea para alteraci\u00f3n de imagen est\u00e9reo<\/p>\n<p>* Lo-Control fi<\/p>\n<p>* Control de atenuaci\u00f3n infinita<\/p>\n<p>* Tap tempo para configurar el tiempo de retardo previo, el tiempo de eco y m\u00e1s<\/p>\n<p>*Toma de entrada para expresi\u00f3n externa y control de interruptor de pedal de 3 botones<\/p>\n<p>* Fuente de alimentaci\u00f3n EHX 9.6DC200mA inlcuida<\/p>\n<p>Reverbs:<br \/>\n* Room * Spring * Plate * Reverse * Echo * Trem * Mod * Dyna * Auto-Inf * Shimmer * Poly * Resonant<\/p>\n<p>&nbsp;<\/p>\n<p>&nbsp;<\/p>\n","protected":false},"featured_media":2414,"template":"","meta":{"site-sidebar-layout":"default","site-content-layout":"default","ast-site-content-layout":"default","site-content-style":"default","site-sidebar-style":"default","ast-global-header-display":"","ast-banner-title-visibility":"","ast-main-header-display":"","ast-hfb-above-header-display":"","ast-hfb-below-header-display":"","ast-hfb-mobile-header-display":"","site-post-title":"","ast-breadcrumbs-content":"","ast-featured-img":"","footer-sml-layout":"","ast-disable-related-posts":"","theme-transparent-header-meta":"default","adv-header-id-meta":"","stick-header-meta":"","header-above-stick-meta":"","header-main-stick-meta":"","header-below-stick-meta":"","astra-migrate-meta-layouts":"default","ast-page-background-enabled":"default","ast-page-background-meta":{"desktop":{"background-color":"","background-image":"","background-repeat":"repeat","background-position":"center center","background-size":"auto","background-attachment":"scroll","background-type":"","background-media":"","overlay-type":"","overlay-color":"","overlay-opacity":"","overlay-gradient":""},"tablet":{"background-color":"","background-image":"","background-repeat":"repeat","background-position":"center center","background-size":"auto","background-attachment":"scroll","background-type":"","background-media":"","overlay-type":"","overlay-color":"","overlay-opacity":"","overlay-gradient":""},"mobile":{"background-color":"","background-image":"","background-repeat":"repeat","background-position":"center center","background-size":"auto","background-attachment":"scroll","background-type":"","background-media":"","overlay-type":"","overlay-color":"","overlay-opacity":"","overlay-gradient":""}},"ast-content-background-meta":{"desktop":{"background-color":"var(--ast-global-color-5)","background-image":"","background-repeat":"repeat","background-position":"center center","background-size":"auto","background-attachment":"scroll","background-type":"","background-media":"","overlay-type":"","overlay-color":"","overlay-opacity":"","overlay-gradient":""},"tablet":{"background-color":"var(--ast-global-color-5)","background-image":"","background-repeat":"repeat","background-position":"center center","background-size":"auto","background-attachment":"scroll","background-type":"","background-media":"","overlay-type":"","overlay-color":"","overlay-opacity":"","overlay-gradient":""},"mobile":{"background-color":"var(--ast-global-color-5)","background-image":"","background-repeat":"repeat","background-position":"center center","background-size":"auto","background-attachment":"scroll","background-type":"","background-media":"","overlay-type":"","overlay-color":"","overlay-opacity":"","overlay-gradient":""}}},"product_brand":[],"product_cat":[36,153],"product_tag":[],"class_list":{"0":"post-2412","1":"product","2":"type-product","3":"status-publish","4":"has-post-thumbnail","6":"product_cat-electro-harmonix","7":"product_cat-electro-harmonix-guit","8":"product_shipping_class-producto-grande","9":"desktop-align-left","10":"tablet-align-left","11":"mobile-align-left","13":"first","14":"instock","15":"shipping-taxable","16":"purchasable","17":"product-type-simple"},"jetpack_sharing_enabled":true,"_links":{"self":[{"href":"https:\/\/guitarmusichall.com.mx\/shop\/wp-json\/wp\/v2\/product\/2412","targetHints":{"allow":["GET"]}}],"collection":[{"href":"https:\/\/guitarmusichall.com.mx\/shop\/wp-json\/wp\/v2\/product"}],"about":[{"href":"https:\/\/guitarmusichall.com.mx\/shop\/wp-json\/wp\/v2\/types\/product"}],"wp:featuredmedia":[{"embeddable":true,"href":"https:\/\/guitarmusichall.com.mx\/shop\/wp-json\/wp\/v2\/media\/2414"}],"wp:attachment":[{"href":"https:\/\/guitarmusichall.com.mx\/shop\/wp-json\/wp\/v2\/media?parent=2412"}],"wp:term":[{"taxonomy":"product_brand","embeddable":true,"href":"https:\/\/guitarmusichall.com.mx\/shop\/wp-json\/wp\/v2\/product_brand?post=2412"},{"taxonomy":"product_cat","embeddable":true,"href":"https:\/\/guitarmusichall.com.mx\/shop\/wp-json\/wp\/v2\/product_cat?post=2412"},{"taxonomy":"product_tag","embeddable":true,"href":"https:\/\/guitarmusichall.com.mx\/shop\/wp-json\/wp\/v2\/product_tag?post=2412"}],"curies":[{"name":"wp","href":"https:\/\/api.w.org\/{rel}","templated":true}]}}