{"id":2653,"date":"2020-12-31T21:32:05","date_gmt":"2020-12-31T21:32:05","guid":{"rendered":"https:\/\/guitarmusichall.com.mx\/shop\/?post_type=product&#038;p=2653"},"modified":"2022-05-26T19:30:48","modified_gmt":"2022-05-26T19:30:48","slug":"blackstar-mini-amp-fly3-acoustic","status":"publish","type":"product","link":"https:\/\/guitarmusichall.com.mx\/shop\/producto\/blackstar-mini-amp-fly3-acoustic\/","title":{"rendered":"BLACKSTAR MINI AMP FLY3 ACOUSTIC"},"content":{"rendered":"","protected":false},"excerpt":{"rendered":"<p><strong>DESCRIPCION DEL PRODUCTO<\/strong><\/p>\n<p>Mini Amplificador Blackstar Fly 3 Acoustic<\/p>\n<p><strong>NUMERO DE PRODUCTO<\/strong><\/p>\n<p>FLY3ACOUSTIC<\/p>\n<p><strong>CARACTERISTICAS DEL PRODUCTO<\/strong><\/p>\n<p>El FLY 3 Acoustic le dar\u00e1 m\u00e1s. Desde completar su sonido para llegar a m\u00e1s personas, o en \u00e1ngulo para actuar como un monitor personal, su reproducci\u00f3n de sonido natural mejorar\u00e1 su rendimiento. Las dos formas de ecualizador intercambiables le brindan una respuesta plana o un corte medio con un poco de refuerzo bajo y alto, y el efecto de eco incorporado agrega un ambiente natural para hacer que tocar sea un placer. Al igual que con los productos FLY, tienen una gran duraci\u00f3n de la bater\u00eda y la opci\u00f3n de agregar el gabinete con alimentaci\u00f3n ac\u00fastica FLY 103 para crear una configuraci\u00f3n est\u00e9reo de 6 vatios. Tambi\u00e9n disponible en el popular formato de paquete, incluido el FLY PSU-1. Obtenga un sonido con m\u00e1s cuerpo ahora, con FLY 3 Acoustic.<\/p>\n<p>* 3 Watts Amplificador y 3 Watts Altavoz<\/p>\n<p>* Interruptor de selecci\u00f3n de forma<\/p>\n<p>* Controles de graves y agudos<\/p>\n<p>* ECHO incorporado<\/p>\n<p>* El altavoz de 3 pulgadas ofrece tonos ac\u00fasticos naturales<\/p>\n<p>* Salida de l\u00ednea emulada para auriculares \/ altavoz para practicar o grabar en silencio<\/p>\n<p>* Alimentaci\u00f3n por bater\u00eda o Adaptador de corriente incluido<\/p>\n<p>* MP3 \/ Line In para improvisar y escuchar m\u00fasica<\/p>\n<p>* Rendimiento sonoro revolucionario<\/p>\n","protected":false},"featured_media":2654,"template":"","meta":{"site-sidebar-layout":"default","site-content-layout":"default","ast-site-content-layout":"default","site-content-style":"default","site-sidebar-style":"default","ast-global-header-display":"","ast-banner-title-visibility":"","ast-main-header-display":"","ast-hfb-above-header-display":"","ast-hfb-below-header-display":"","ast-hfb-mobile-header-display":"","site-post-title":"","ast-breadcrumbs-content":"","ast-featured-img":"","footer-sml-layout":"","ast-disable-related-posts":"","theme-transparent-header-meta":"default","adv-header-id-meta":"","stick-header-meta":"","header-above-stick-meta":"","header-main-stick-meta":"","header-below-stick-meta":"","astra-migrate-meta-layouts":"default","ast-page-background-enabled":"default","ast-page-background-meta":{"desktop":{"background-color":"","background-image":"","background-repeat":"repeat","background-position":"center center","background-size":"auto","background-attachment":"scroll","background-type":"","background-media":"","overlay-type":"","overlay-color":"","overlay-opacity":"","overlay-gradient":""},"tablet":{"background-color":"","background-image":"","background-repeat":"repeat","background-position":"center center","background-size":"auto","background-attachment":"scroll","background-type":"","background-media":"","overlay-type":"","overlay-color":"","overlay-opacity":"","overlay-gradient":""},"mobile":{"background-color":"","background-image":"","background-repeat":"repeat","background-position":"center center","background-size":"auto","background-attachment":"scroll","background-type":"","background-media":"","overlay-type":"","overlay-color":"","overlay-opacity":"","overlay-gradient":""}},"ast-content-background-meta":{"desktop":{"background-color":"var(--ast-global-color-5)","background-image":"","background-repeat":"repeat","background-position":"center center","background-size":"auto","background-attachment":"scroll","background-type":"","background-media":"","overlay-type":"","overlay-color":"","overlay-opacity":"","overlay-gradient":""},"tablet":{"background-color":"var(--ast-global-color-5)","background-image":"","background-repeat":"repeat","background-position":"center center","background-size":"auto","background-attachment":"scroll","background-type":"","background-media":"","overlay-type":"","overlay-color":"","overlay-opacity":"","overlay-gradient":""},"mobile":{"background-color":"var(--ast-global-color-5)","background-image":"","background-repeat":"repeat","background-position":"center center","background-size":"auto","background-attachment":"scroll","background-type":"","background-media":"","overlay-type":"","overlay-color":"","overlay-opacity":"","overlay-gradient":""}}},"product_brand":[],"product_cat":[48,146],"product_tag":[],"class_list":{"0":"post-2653","1":"product","2":"type-product","3":"status-publish","4":"has-post-thumbnail","6":"product_cat-blackstar","7":"product_cat-guitarra-electroacustica-2","8":"desktop-align-left","9":"tablet-align-left","10":"mobile-align-left","12":"first","13":"instock","14":"shipping-taxable","15":"purchasable","16":"product-type-simple"},"jetpack_sharing_enabled":true,"_links":{"self":[{"href":"https:\/\/guitarmusichall.com.mx\/shop\/wp-json\/wp\/v2\/product\/2653","targetHints":{"allow":["GET"]}}],"collection":[{"href":"https:\/\/guitarmusichall.com.mx\/shop\/wp-json\/wp\/v2\/product"}],"about":[{"href":"https:\/\/guitarmusichall.com.mx\/shop\/wp-json\/wp\/v2\/types\/product"}],"wp:featuredmedia":[{"embeddable":true,"href":"https:\/\/guitarmusichall.com.mx\/shop\/wp-json\/wp\/v2\/media\/2654"}],"wp:attachment":[{"href":"https:\/\/guitarmusichall.com.mx\/shop\/wp-json\/wp\/v2\/media?parent=2653"}],"wp:term":[{"taxonomy":"product_brand","embeddable":true,"href":"https:\/\/guitarmusichall.com.mx\/shop\/wp-json\/wp\/v2\/product_brand?post=2653"},{"taxonomy":"product_cat","embeddable":true,"href":"https:\/\/guitarmusichall.com.mx\/shop\/wp-json\/wp\/v2\/product_cat?post=2653"},{"taxonomy":"product_tag","embeddable":true,"href":"https:\/\/guitarmusichall.com.mx\/shop\/wp-json\/wp\/v2\/product_tag?post=2653"}],"curies":[{"name":"wp","href":"https:\/\/api.w.org\/{rel}","templated":true}]}}