{"id":2675,"date":"2021-01-04T23:09:57","date_gmt":"2021-01-04T23:09:57","guid":{"rendered":"https:\/\/guitarmusichall.com.mx\/shop\/?post_type=product&#038;p=2675"},"modified":"2025-12-24T19:08:29","modified_gmt":"2025-12-24T19:08:29","slug":"casio-teclado-5-octavas-lk-s250","status":"publish","type":"product","link":"https:\/\/guitarmusichall.com.mx\/shop\/producto\/casio-teclado-5-octavas-lk-s250\/","title":{"rendered":"CASIO TECLADO 5 OCTAVAS LK-S250"},"content":{"rendered":"","protected":false},"excerpt":{"rendered":"<p><strong>DESCRIPCION DEL PRODUCTO<\/strong><\/p>\n<p>Teclado Casio 5 Octavas con sistema iluminaci\u00f3n<\/p>\n<p><strong>NUMERO DE PRODUCTO<\/strong><\/p>\n<p>LK-S250<\/p>\n<p><strong>CARACTERISTICAS DEL PRODUCTO<\/strong><\/p>\n<p>Dise\u00f1o port\u00e1til, delgado y elegante.<br \/>\nCon el LK-S250, puede disfrutar de la m\u00fasica en cualquier momento y lugar. Su tama\u00f1o compacto de 930 mm x 256 mm x 73 mm es un 30 % m\u00e1s peque\u00f1o en volumen que los modelos LK-265 y LK-266, y su bater\u00eda alcalina cuenta con aproximadamente 16 horas de duraci\u00f3n*. Llevarlo es muy sencillo, gracias a un mango en la parte superior del teclado y un peso de solo 3,3 kg. El dise\u00f1o incorpora bordes y esquinas redondeados, lo cual permite transportarlo con seguridad.<\/p>\n<p>El per\u00edodo de funcionamiento continuo puede ser m\u00e1s corto seg\u00fan el tipo de bater\u00eda y la manera en que toca m\u00fasica.<\/p>\n<p>Una interfaz f\u00e1cil de usar para todos.<br \/>\nEl LK-S250 presenta una interfaz simple e intuitiva que ofrece un dise\u00f1o organizado con menos botones mediante una pantalla LCD de puntos completos y un selector. Tambi\u00e9n cuenta con un bot\u00f3n de inicio que permite a los usuarios volver a la pantalla original en cualquier momento, lo cual convierte a este producto en un teclado multifunci\u00f3n superior con una facilidad de uso mejorada.<\/p>\n<p>Sonido que nadie esperar\u00eda de un teclado tan compacto.<br \/>\nEl uso de altavoces ovalados de 13 cm x 6 cm con imanes reforzados ofrece un sonido sorprendentemente genial para un instrumento tan compacto. Una funci\u00f3n adicional que optimiza el ecualizador en conjunto con el volumen proporciona un sonido equilibrado desde los tonos graves hasta los tonos altos, incluso a un volumen bajo.<\/p>\n<p>El modo de m\u00fasica bailable y las voces ampl\u00edan las formas para disfrutar tocando la m\u00fasica<br \/>\nEl LK-S250 incluye un modo que permite a los usuarios juntar frases de bater\u00eda, bajo y sintetizador para disfrutar f\u00e1cilmente de la m\u00fasica bailable, adem\u00e1s de 12 tipos de voces de m\u00fasica bailable que encajan muy bien con esta m\u00fasica. Solo presione junto con el ritmo para agregar detalles a la reproducci\u00f3n com\u00fan y disfrute de la m\u00fasica bailable.<\/p>\n<p>Sistema de iluminaci\u00f3n de teclas y lecci\u00f3n paso a paso.<br \/>\nAyude a mejorar su t\u00e9cnica para tocar con el sistema de iluminaci\u00f3n de teclas, el cual lo gu\u00eda iluminando la siguiente tecla que debe tocar, y la funci\u00f3n Lecci\u00f3n paso a paso, que lo ayuda a practicar en un formato de cuatro pasos.<\/p>\n<p>Teclas similares a las de un piano y sensibles al tacto.<br \/>\nLas teclas tienen forma de caja, similar a las de un piano. La sensibilidad al tacto proporciona cambios de volumen y tono como los de un piano, dependiendo de la fuerza que se utilice para tocar las teclas.<\/p>\n<p>Bot\u00f3n Mi configuraci\u00f3n.<br \/>\nRegistre sus ajustes favoritos para recordar f\u00e1cilmente tonos y ritmos como los que aprendi\u00f3 en la clase de m\u00fasica mientras practica en casa.<\/p>\n<p>Puerto USB a host micro B para fines de expansi\u00f3n.<br \/>\nEl LK-S250 incluye un conector USB a host micro B que le permite disfrutar f\u00e1cilmente de la m\u00fasica, junto con su dispositivo inteligente o computadora. (Se requiere un cable disponible comercialmente).<\/p>\n<p>Aplicaci\u00f3n Chordana Play<br \/>\nMuestre 50 canciones de demostraci\u00f3n en la aplicaci\u00f3n o archivos MIDI descargados en el rollo de piano Chordana Play o en la pantalla de partitura musical para reproducir sus canciones favoritas en cualquier momento y lugar. Reproduzca m\u00fasica sin leer una partitura musical presionando las teclas al ritmo con las barras a medida que bajan desde la parte superior de la pantalla. Registre su puntuaci\u00f3n en la funci\u00f3n de puntaje de la aplicaci\u00f3n para que la pr\u00e1ctica sea algo divertido y observe c\u00f3mo mejora su habilidad para tocar.<\/p>\n<p>Fuente de sonido<br \/>\nPolifon\u00eda: 48<br \/>\nPulsaci\u00f3n din\u00e1mica: 2 tipos, desactivaci\u00f3n<br \/>\nN\u00famero de tonos programables: 400<br \/>\nTeclado<br \/>\nN\u00famero de teclas: 61<\/p>\n<p>Sistema de Iluminaci\u00f3n para aprendizaje<\/p>\n<p>Efectos<br \/>\nReverberaci\u00f3n: 10 tipos, desactivaci\u00f3n<br \/>\nVolume sync EQ: \u2713<br \/>\nBanco de canciones<br \/>\nN\u00famero de canciones programadas: 60<br \/>\nFunci\u00f3n de aprendizaje<br \/>\nStep up Lesson: \u2713\uff081, 2, 3\uff09<br \/>\nParte act.\/desact. (lesson part\/part off): \u2713 (izquierda, derecha, ambas manos)<br \/>\nAcompa\u00f1amiento autom\u00e1tico<br \/>\nN\u00famero de ritmos programados: 77<br \/>\nPrograma One Touch: 77<br \/>\nSynchro Start: \u2713<br \/>\nElementos de ritmo: normal\/fill-in, variation\/fill-in, Intro\/ending<br \/>\nModo de m\u00fasica dance<br \/>\nModo de m\u00fasica dance: \u2713<br \/>\nPatr\u00f3n de dance: 50<br \/>\nFX (efecto DSP): \u2713<br \/>\nVoz de m\u00fasica dance: \u2713 (12 muestras)<br \/>\nTransposici\u00f3n<br \/>\n\u2713<br \/>\nMetr\u00f3nomo<br \/>\n\u2713<br \/>\nRegistro<br \/>\nmy set up button (favourite setting)<br \/>\nMIDI<br \/>\nRecepci\u00f3n: \u2713<br \/>\nNivel GM 1: \u2713<br \/>\nFunci\u00f3n de la aplicaci\u00f3n<br \/>\nChordana Play For Keyboard: \u2713<br \/>\nEntradas<br \/>\nAURICULARES \/ SALIDA: Minijack est\u00e9reo<br \/>\nENTRADA DE MICR\u00d3FONO: Est\u00e1ndar<br \/>\nENTRADA DE AUDIO: Minijack est\u00e9reo<br \/>\nUSB (a host): \u2713 (Micro B)<br \/>\nPedal Sustain: \u2713<br \/>\nAltavoces<br \/>\nMedidas: (13 cm x 6 cm) x 2<br \/>\nAmplificador<br \/>\nVatios: 2,5 W + 2,5 W<br \/>\nFuente de alimentaci\u00f3n<br \/>\nAdaptador de red: AD-E95100L<br \/>\nPilas alcalinas (opcional)): 6 x pilas AA<br \/>\nTiempo de funcionamiento con pilas (aprox.)<br \/>\nEl tiempo de funcionamiento real puede ser inferior en funci\u00f3n del tipo de pila, tipo de uso y entorno operativo.: 8 horas<br \/>\nFuncionamiento con pilas recargables (opcional): \u2713<br \/>\nAccesorios incluidos<br \/>\nAdaptador de red (AD-E95100L), atril<\/p>\n","protected":false},"featured_media":2678,"template":"","meta":{"site-sidebar-layout":"default","site-content-layout":"default","ast-site-content-layout":"default","site-content-style":"default","site-sidebar-style":"default","ast-global-header-display":"","ast-banner-title-visibility":"","ast-main-header-display":"","ast-hfb-above-header-display":"","ast-hfb-below-header-display":"","ast-hfb-mobile-header-display":"","site-post-title":"","ast-breadcrumbs-content":"","ast-featured-img":"","footer-sml-layout":"","ast-disable-related-posts":"","theme-transparent-header-meta":"default","adv-header-id-meta":"","stick-header-meta":"","header-above-stick-meta":"","header-main-stick-meta":"","header-below-stick-meta":"","astra-migrate-meta-layouts":"default","ast-page-background-enabled":"default","ast-page-background-meta":{"desktop":{"background-color":"","background-image":"","background-repeat":"repeat","background-position":"center center","background-size":"auto","background-attachment":"scroll","background-type":"","background-media":"","overlay-type":"","overlay-color":"","overlay-opacity":"","overlay-gradient":""},"tablet":{"background-color":"","background-image":"","background-repeat":"repeat","background-position":"center center","background-size":"auto","background-attachment":"scroll","background-type":"","background-media":"","overlay-type":"","overlay-color":"","overlay-opacity":"","overlay-gradient":""},"mobile":{"background-color":"","background-image":"","background-repeat":"repeat","background-position":"center center","background-size":"auto","background-attachment":"scroll","background-type":"","background-media":"","overlay-type":"","overlay-color":"","overlay-opacity":"","overlay-gradient":""}},"ast-content-background-meta":{"desktop":{"background-color":"var(--ast-global-color-5)","background-image":"","background-repeat":"repeat","background-position":"center center","background-size":"auto","background-attachment":"scroll","background-type":"","background-media":"","overlay-type":"","overlay-color":"","overlay-opacity":"","overlay-gradient":""},"tablet":{"background-color":"var(--ast-global-color-5)","background-image":"","background-repeat":"repeat","background-position":"center center","background-size":"auto","background-attachment":"scroll","background-type":"","background-media":"","overlay-type":"","overlay-color":"","overlay-opacity":"","overlay-gradient":""},"mobile":{"background-color":"var(--ast-global-color-5)","background-image":"","background-repeat":"repeat","background-position":"center center","background-size":"auto","background-attachment":"scroll","background-type":"","background-media":"","overlay-type":"","overlay-color":"","overlay-opacity":"","overlay-gradient":""}}},"product_brand":[],"product_cat":[80],"product_tag":[],"class_list":{"0":"post-2675","1":"product","2":"type-product","3":"status-publish","4":"has-post-thumbnail","6":"product_cat-teclados","7":"product_shipping_class-producto-grande","8":"desktop-align-left","9":"tablet-align-left","10":"mobile-align-left","12":"first","13":"outofstock","14":"shipping-taxable","15":"purchasable","16":"product-type-simple"},"jetpack_sharing_enabled":true,"_links":{"self":[{"href":"https:\/\/guitarmusichall.com.mx\/shop\/wp-json\/wp\/v2\/product\/2675","targetHints":{"allow":["GET"]}}],"collection":[{"href":"https:\/\/guitarmusichall.com.mx\/shop\/wp-json\/wp\/v2\/product"}],"about":[{"href":"https:\/\/guitarmusichall.com.mx\/shop\/wp-json\/wp\/v2\/types\/product"}],"wp:featuredmedia":[{"embeddable":true,"href":"https:\/\/guitarmusichall.com.mx\/shop\/wp-json\/wp\/v2\/media\/2678"}],"wp:attachment":[{"href":"https:\/\/guitarmusichall.com.mx\/shop\/wp-json\/wp\/v2\/media?parent=2675"}],"wp:term":[{"taxonomy":"product_brand","embeddable":true,"href":"https:\/\/guitarmusichall.com.mx\/shop\/wp-json\/wp\/v2\/product_brand?post=2675"},{"taxonomy":"product_cat","embeddable":true,"href":"https:\/\/guitarmusichall.com.mx\/shop\/wp-json\/wp\/v2\/product_cat?post=2675"},{"taxonomy":"product_tag","embeddable":true,"href":"https:\/\/guitarmusichall.com.mx\/shop\/wp-json\/wp\/v2\/product_tag?post=2675"}],"curies":[{"name":"wp","href":"https:\/\/api.w.org\/{rel}","templated":true}]}}