{"id":4135,"date":"2021-02-04T23:18:33","date_gmt":"2021-02-04T23:18:33","guid":{"rendered":"https:\/\/guitarmusichall.com.mx\/shop\/?post_type=product&#038;p=4135"},"modified":"2023-03-24T20:34:33","modified_gmt":"2023-03-24T20:34:33","slug":"boss-modulation-md-200","status":"publish","type":"product","link":"https:\/\/guitarmusichall.com.mx\/shop\/producto\/boss-modulation-md-200\/","title":{"rendered":"BOSS MODULATION MD-200"},"content":{"rendered":"","protected":false},"excerpt":{"rendered":"<p><strong>DESCRIPCION DEL PRODUCTO<\/strong><\/p>\n<p>Pedal Boss Modulation Serie 200<\/p>\n<p><strong>NUMERO DE PRODUCTO<\/strong><\/p>\n<p>MD-200<\/p>\n<p><strong>CARACTERISTICAS DEL PRODUCTO<\/strong><\/p>\n<p>Equipado con algoritmos del modelo estrella MD-500, el modulador MD-200 ofrece diversos efectos de primer nivel en un pedal compacto y pr\u00e1ctico. 12 modos diferentes proporcionan todos los sonidos modulados que necesitas y m\u00e1s, y cada uno de ellos incluye controles personalizados que permiten modelar el sonido a fondo desde el panel. Adem\u00e1s, con la potente funci\u00f3n de inserci\u00f3n puedes conectar f\u00e1cilmente pedales de ganancia y otros efectos para procesar en modo pre\/post.<\/p>\n<p>Sonido de primer nivel con AD\/DA de 32 bits, procesamiento de coma flotante de 32 bits y muestreo a 96 kHz<br \/>\n12 modos vers\u00e1tiles ofrecen una amplia gama de modulaciones<br \/>\nControles espec\u00edficos de tasa, profundidad y nivel, adem\u00e1s de tres diales de par\u00e1metro que cambian de funci\u00f3n seg\u00fan el modo seleccionado<br \/>\nFunci\u00f3n Insert Loop para colocar pedales externos antes o despu\u00e9s de los efectos de modulaci\u00f3n<br \/>\nAccede a 128 configuraciones de usuario desde el pedal o cambio de programa MIDI<br \/>\nActiva memorias consecutivas adem\u00e1s del ajuste del panel en tiempo real mediante un conmutador de pedal o un bot\u00f3n espec\u00edfico del panel<br \/>\nAjuste global para optimizar los efectos de flanger, phaser y auto wah para guitarra o bajo<br \/>\nLa funci\u00f3n Panel Lock desactiva los controles para evitar cambios accidentales<br \/>\nConmutadores de pedal multifunci\u00f3n personalizables para tap tempo, selecci\u00f3n de memoria y m\u00e1s<br \/>\nCompatibilidad con control ampliado mediante conmutadores de pedal externos, un pedal de expresi\u00f3n o MIDI<br \/>\nCompleto sistema de E\/S MIDI con minijacks TRS (cable adaptador BMIDI-5-35 disponible por separado)<br \/>\nJack micro USB para actualizaciones de firmware<br \/>\nFunciona con adaptador de CA de la serie PSA o tres pilas AA (No inlcuidos ).<\/p>\n","protected":false},"featured_media":8412,"template":"","meta":{"site-sidebar-layout":"default","site-content-layout":"default","ast-site-content-layout":"default","site-content-style":"default","site-sidebar-style":"default","ast-global-header-display":"","ast-banner-title-visibility":"","ast-main-header-display":"","ast-hfb-above-header-display":"","ast-hfb-below-header-display":"","ast-hfb-mobile-header-display":"","site-post-title":"","ast-breadcrumbs-content":"","ast-featured-img":"","footer-sml-layout":"","ast-disable-related-posts":"","theme-transparent-header-meta":"default","adv-header-id-meta":"","stick-header-meta":"","header-above-stick-meta":"","header-main-stick-meta":"","header-below-stick-meta":"","astra-migrate-meta-layouts":"default","ast-page-background-enabled":"default","ast-page-background-meta":{"desktop":{"background-color":"","background-image":"","background-repeat":"repeat","background-position":"center center","background-size":"auto","background-attachment":"scroll","background-type":"","background-media":"","overlay-type":"","overlay-color":"","overlay-opacity":"","overlay-gradient":""},"tablet":{"background-color":"","background-image":"","background-repeat":"repeat","background-position":"center center","background-size":"auto","background-attachment":"scroll","background-type":"","background-media":"","overlay-type":"","overlay-color":"","overlay-opacity":"","overlay-gradient":""},"mobile":{"background-color":"","background-image":"","background-repeat":"repeat","background-position":"center center","background-size":"auto","background-attachment":"scroll","background-type":"","background-media":"","overlay-type":"","overlay-color":"","overlay-opacity":"","overlay-gradient":""}},"ast-content-background-meta":{"desktop":{"background-color":"var(--ast-global-color-5)","background-image":"","background-repeat":"repeat","background-position":"center center","background-size":"auto","background-attachment":"scroll","background-type":"","background-media":"","overlay-type":"","overlay-color":"","overlay-opacity":"","overlay-gradient":""},"tablet":{"background-color":"var(--ast-global-color-5)","background-image":"","background-repeat":"repeat","background-position":"center center","background-size":"auto","background-attachment":"scroll","background-type":"","background-media":"","overlay-type":"","overlay-color":"","overlay-opacity":"","overlay-gradient":""},"mobile":{"background-color":"var(--ast-global-color-5)","background-image":"","background-repeat":"repeat","background-position":"center center","background-size":"auto","background-attachment":"scroll","background-type":"","background-media":"","overlay-type":"","overlay-color":"","overlay-opacity":"","overlay-gradient":""}}},"product_brand":[],"product_cat":[43,149],"product_tag":[],"class_list":{"0":"post-4135","1":"product","2":"type-product","3":"status-publish","4":"has-post-thumbnail","6":"product_cat-boss","7":"product_cat-boss-guit","8":"product_shipping_class-producto-grande","9":"desktop-align-left","10":"tablet-align-left","11":"mobile-align-left","13":"first","14":"instock","15":"shipping-taxable","16":"purchasable","17":"product-type-simple"},"jetpack_sharing_enabled":true,"_links":{"self":[{"href":"https:\/\/guitarmusichall.com.mx\/shop\/wp-json\/wp\/v2\/product\/4135","targetHints":{"allow":["GET"]}}],"collection":[{"href":"https:\/\/guitarmusichall.com.mx\/shop\/wp-json\/wp\/v2\/product"}],"about":[{"href":"https:\/\/guitarmusichall.com.mx\/shop\/wp-json\/wp\/v2\/types\/product"}],"wp:featuredmedia":[{"embeddable":true,"href":"https:\/\/guitarmusichall.com.mx\/shop\/wp-json\/wp\/v2\/media\/8412"}],"wp:attachment":[{"href":"https:\/\/guitarmusichall.com.mx\/shop\/wp-json\/wp\/v2\/media?parent=4135"}],"wp:term":[{"taxonomy":"product_brand","embeddable":true,"href":"https:\/\/guitarmusichall.com.mx\/shop\/wp-json\/wp\/v2\/product_brand?post=4135"},{"taxonomy":"product_cat","embeddable":true,"href":"https:\/\/guitarmusichall.com.mx\/shop\/wp-json\/wp\/v2\/product_cat?post=4135"},{"taxonomy":"product_tag","embeddable":true,"href":"https:\/\/guitarmusichall.com.mx\/shop\/wp-json\/wp\/v2\/product_tag?post=4135"}],"curies":[{"name":"wp","href":"https:\/\/api.w.org\/{rel}","templated":true}]}}