{"id":5256,"date":"2021-06-08T19:46:15","date_gmt":"2021-06-08T19:46:15","guid":{"rendered":"https:\/\/guitarmusichall.com.mx\/shop\/?post_type=product&#038;p=5256"},"modified":"2025-12-19T00:08:14","modified_gmt":"2025-12-19T00:08:14","slug":"jackson-xseries-randy-rhoads-rrx24","status":"publish","type":"product","link":"https:\/\/guitarmusichall.com.mx\/shop\/producto\/jackson-xseries-randy-rhoads-rrx24\/","title":{"rendered":"JACKSON XSERIES RANDY RHOADS RRX24"},"content":{"rendered":"","protected":false},"excerpt":{"rendered":"<p><strong>DESCRIPCION DEL PRODUCTO<\/strong><\/p>\n<p>Guitarra El\u00e9ctrica Jackson X Series Randy Rhoads RRX24<\/p>\n<p><strong>NUMERO DE PRODUCTO<\/strong><\/p>\n<p>2913636503<\/p>\n<p><strong>CARACTERISTICAS DEL PRODUCTO<\/strong><\/p>\n<p><span dir=\"auto\">Los modelos Jackson Serie X contin\u00faan el legado metalero del inmortal Randy Rhoads. Majestuosa y orgullosa, la Jackson Serie X Rhoads RRX24 ofrece un sonido fant\u00e1stico, una ejecuci\u00f3n ultrarr\u00e1pida y una relaci\u00f3n calidad-precio incre\u00edble para los guitarristas del siglo XXI.<\/span><\/p>\n<p><span dir=\"auto\">La RRX24 cuenta con un cuerpo de \u00e1lamo, un m\u00e1stil de arce de una sola pieza con refuerzo de grafito y uni\u00f3n en bisel, diapas\u00f3n de laurel con radio compuesto de 12&#8243;-16&#8243; con 24 trastes jumbo y clavijero Jackson de 6 en l\u00ednea con punta invertida.<\/span><\/p>\n<p><span dir=\"auto\">Dise\u00f1adas para el metalero moderno, un par de pastillas activas Seymour Duncan Blackout ofrecen un sonido penetrante que se puede ajustar a\u00fan m\u00e1s con dos perillas de volumen, un control de tono \u00fanico y un selector de tres posiciones. La RRX24 tambi\u00e9n est\u00e1 equipada con un sistema de tr\u00e9molo Floyd Rose Special de doble bloqueo empotrado para un sustain excepcional y una afinaci\u00f3n s\u00f3lida.<\/span><\/p>\n<p>* Cuerpo Poplar<\/p>\n<p>* Brazo Maple<\/p>\n<p>* Diapas\u00f3n Laurel<\/p>\n<p>* Radio compuesto 12&#8243; &#8211; 16&#8243;<\/p>\n<p>* Pastillas Seymour Duncan\u00ae Blackouts AHB-1B y Seymour Duncan\u00ae Blackouts AHB-1N<\/p>\n<p>* Puente Floyd Rose Special Double-Locking Tremolo (Recessed)<\/p>\n<p>* Maquinaria Jackson Sealed Die-Cast<\/p>\n<p>* Color Gloss Black<\/p>\n<p>&nbsp;<\/p>\n","protected":false},"featured_media":10271,"template":"","meta":{"site-sidebar-layout":"default","site-content-layout":"default","ast-site-content-layout":"default","site-content-style":"default","site-sidebar-style":"default","ast-global-header-display":"","ast-banner-title-visibility":"","ast-main-header-display":"","ast-hfb-above-header-display":"","ast-hfb-below-header-display":"","ast-hfb-mobile-header-display":"","site-post-title":"","ast-breadcrumbs-content":"","ast-featured-img":"","footer-sml-layout":"","ast-disable-related-posts":"","theme-transparent-header-meta":"default","adv-header-id-meta":"","stick-header-meta":"","header-above-stick-meta":"","header-main-stick-meta":"","header-below-stick-meta":"","astra-migrate-meta-layouts":"set","ast-page-background-enabled":"default","ast-page-background-meta":{"desktop":{"background-color":"","background-image":"","background-repeat":"repeat","background-position":"center center","background-size":"auto","background-attachment":"scroll","background-type":"","background-media":"","overlay-type":"","overlay-color":"","overlay-opacity":"","overlay-gradient":""},"tablet":{"background-color":"","background-image":"","background-repeat":"repeat","background-position":"center center","background-size":"auto","background-attachment":"scroll","background-type":"","background-media":"","overlay-type":"","overlay-color":"","overlay-opacity":"","overlay-gradient":""},"mobile":{"background-color":"","background-image":"","background-repeat":"repeat","background-position":"center center","background-size":"auto","background-attachment":"scroll","background-type":"","background-media":"","overlay-type":"","overlay-color":"","overlay-opacity":"","overlay-gradient":""}},"ast-content-background-meta":{"desktop":{"background-color":"var(--ast-global-color-5)","background-image":"","background-repeat":"repeat","background-position":"center center","background-size":"auto","background-attachment":"scroll","background-type":"","background-media":"","overlay-type":"","overlay-color":"","overlay-opacity":"","overlay-gradient":""},"tablet":{"background-color":"var(--ast-global-color-5)","background-image":"","background-repeat":"repeat","background-position":"center center","background-size":"auto","background-attachment":"scroll","background-type":"","background-media":"","overlay-type":"","overlay-color":"","overlay-opacity":"","overlay-gradient":""},"mobile":{"background-color":"var(--ast-global-color-5)","background-image":"","background-repeat":"repeat","background-position":"center center","background-size":"auto","background-attachment":"scroll","background-type":"","background-media":"","overlay-type":"","overlay-color":"","overlay-opacity":"","overlay-gradient":""}}},"product_brand":[],"product_cat":[18,186],"product_tag":[],"class_list":{"0":"post-5256","1":"product","2":"type-product","3":"status-publish","4":"has-post-thumbnail","6":"product_cat-guitarra-electrica","7":"product_cat-jackson","8":"product_shipping_class-producto-premium","9":"desktop-align-left","10":"tablet-align-left","11":"mobile-align-left","13":"first","14":"instock","15":"shipping-taxable","16":"purchasable","17":"product-type-simple"},"jetpack_sharing_enabled":true,"_links":{"self":[{"href":"https:\/\/guitarmusichall.com.mx\/shop\/wp-json\/wp\/v2\/product\/5256","targetHints":{"allow":["GET"]}}],"collection":[{"href":"https:\/\/guitarmusichall.com.mx\/shop\/wp-json\/wp\/v2\/product"}],"about":[{"href":"https:\/\/guitarmusichall.com.mx\/shop\/wp-json\/wp\/v2\/types\/product"}],"wp:featuredmedia":[{"embeddable":true,"href":"https:\/\/guitarmusichall.com.mx\/shop\/wp-json\/wp\/v2\/media\/10271"}],"wp:attachment":[{"href":"https:\/\/guitarmusichall.com.mx\/shop\/wp-json\/wp\/v2\/media?parent=5256"}],"wp:term":[{"taxonomy":"product_brand","embeddable":true,"href":"https:\/\/guitarmusichall.com.mx\/shop\/wp-json\/wp\/v2\/product_brand?post=5256"},{"taxonomy":"product_cat","embeddable":true,"href":"https:\/\/guitarmusichall.com.mx\/shop\/wp-json\/wp\/v2\/product_cat?post=5256"},{"taxonomy":"product_tag","embeddable":true,"href":"https:\/\/guitarmusichall.com.mx\/shop\/wp-json\/wp\/v2\/product_tag?post=5256"}],"curies":[{"name":"wp","href":"https:\/\/api.w.org\/{rel}","templated":true}]}}