{"id":5548,"date":"2021-08-24T20:37:43","date_gmt":"2021-08-24T20:37:43","guid":{"rendered":"https:\/\/guitarmusichall.com.mx\/shop\/?post_type=product&#038;p=5548"},"modified":"2022-05-31T23:16:12","modified_gmt":"2022-05-31T23:16:12","slug":"ehx-15watt-howitzer-power-amp","status":"publish","type":"product","link":"https:\/\/guitarmusichall.com.mx\/shop\/producto\/ehx-15watt-howitzer-power-amp\/","title":{"rendered":"EHX 15WATT HOWITZER POWER AMP"},"content":{"rendered":"","protected":false},"excerpt":{"rendered":"<p><strong>DESCRIPCION DEL PRODUCTO<\/strong><\/p>\n<p>Pedal Electro-Harmonix 15watt Howitzer Power Amp<\/p>\n<p><strong>NUMERO DE PRODUCTO<\/strong><\/p>\n<p>15WHOWITZER<\/p>\n<p><strong>CARACTERISTICAS DEL PRODUCTO<\/strong><\/p>\n<p>El amplificador \/ preamplificador de guitarra Howitzer de 15 vatios es un caballo de batalla ultracompacto que es perfecto como parte de una plataforma de guitarra port\u00e1til, o como respaldo de emergencia y protector de conciertos en caso de que su amplificador principal se aver\u00ede. Es s\u00faper flexible, como un camale\u00f3n musical y, seg\u00fan el equipo que uses y tu estilo, encajar\u00e1 en la m\u00e1s amplia gama de g\u00e9neros.<\/p>\n<p>Los controles de volumen y ganancia del ob\u00fas de 15 vatios le permiten ir tan limpio o tan crujiente como desee, mientras que las perillas de graves, medios y agudos brindan una gran forma de tono. Su FX Loop te da la opci\u00f3n de poner efectos como reverberaci\u00f3n y retardo despu\u00e9s del preamplificador. Por supuesto, a\u00fan puede ejecutar su guitarra directamente en los pedales y luego directamente en el conector de entrada del Howitzer de 15 vatios.<\/p>\n<p>* 15 vatios de potencia, pero lo suficientemente peque\u00f1o como para caber en una pedalera o empacar en una bolsa de viaje<\/p>\n<p>* Un conjunto completo de controles de modelado de sonido: volumen, ganancia, graves, medios y agudos<\/p>\n<p>* Interruptor Bright \/ Norm: elija entre un aumento superior sutil con m\u00e1s presencia o un extremo superior ligeramente m\u00e1s oscuro<\/p>\n<p>* Dise\u00f1o de amplificador de clase D para una m\u00e1xima eficiencia de salida y m\u00ednima requisitos de espacio. Nota: La D no significa digital y aunque este es un dise\u00f1o de estado s\u00f3lido, no hay codificaci\u00f3n digital de la se\u00f1al<\/p>\n<p>* Viene equipado con su propia fuente de alimentaci\u00f3n de 24 VCC \/ 1.0 A<\/p>\n<p>* El bucle de efectos con conectores de env\u00edo \/ retorno le permite colocar efectos entre la secci\u00f3n de preamplificador del ob\u00fas de 15 Watts y la perilla de volumen<\/p>\n<p>* Se conecta directamente a un gabinete de altavoz de 80 &#8211; 16O<\/p>\n<p>&nbsp;<\/p>\n","protected":false},"featured_media":5549,"template":"","meta":{"site-sidebar-layout":"default","site-content-layout":"default","ast-site-content-layout":"default","site-content-style":"default","site-sidebar-style":"default","ast-global-header-display":"","ast-banner-title-visibility":"","ast-main-header-display":"","ast-hfb-above-header-display":"","ast-hfb-below-header-display":"","ast-hfb-mobile-header-display":"","site-post-title":"","ast-breadcrumbs-content":"","ast-featured-img":"","footer-sml-layout":"","ast-disable-related-posts":"","theme-transparent-header-meta":"default","adv-header-id-meta":"","stick-header-meta":"","header-above-stick-meta":"","header-main-stick-meta":"","header-below-stick-meta":"","astra-migrate-meta-layouts":"default","ast-page-background-enabled":"default","ast-page-background-meta":{"desktop":{"background-color":"","background-image":"","background-repeat":"repeat","background-position":"center center","background-size":"auto","background-attachment":"scroll","background-type":"","background-media":"","overlay-type":"","overlay-color":"","overlay-opacity":"","overlay-gradient":""},"tablet":{"background-color":"","background-image":"","background-repeat":"repeat","background-position":"center center","background-size":"auto","background-attachment":"scroll","background-type":"","background-media":"","overlay-type":"","overlay-color":"","overlay-opacity":"","overlay-gradient":""},"mobile":{"background-color":"","background-image":"","background-repeat":"repeat","background-position":"center center","background-size":"auto","background-attachment":"scroll","background-type":"","background-media":"","overlay-type":"","overlay-color":"","overlay-opacity":"","overlay-gradient":""}},"ast-content-background-meta":{"desktop":{"background-color":"var(--ast-global-color-5)","background-image":"","background-repeat":"repeat","background-position":"center center","background-size":"auto","background-attachment":"scroll","background-type":"","background-media":"","overlay-type":"","overlay-color":"","overlay-opacity":"","overlay-gradient":""},"tablet":{"background-color":"var(--ast-global-color-5)","background-image":"","background-repeat":"repeat","background-position":"center center","background-size":"auto","background-attachment":"scroll","background-type":"","background-media":"","overlay-type":"","overlay-color":"","overlay-opacity":"","overlay-gradient":""},"mobile":{"background-color":"var(--ast-global-color-5)","background-image":"","background-repeat":"repeat","background-position":"center center","background-size":"auto","background-attachment":"scroll","background-type":"","background-media":"","overlay-type":"","overlay-color":"","overlay-opacity":"","overlay-gradient":""}}},"product_brand":[],"product_cat":[36,153],"product_tag":[],"class_list":{"0":"post-5548","1":"product","2":"type-product","3":"status-publish","4":"has-post-thumbnail","6":"product_cat-electro-harmonix","7":"product_cat-electro-harmonix-guit","8":"desktop-align-left","9":"tablet-align-left","10":"mobile-align-left","12":"first","13":"instock","14":"shipping-taxable","15":"purchasable","16":"product-type-simple"},"jetpack_sharing_enabled":true,"_links":{"self":[{"href":"https:\/\/guitarmusichall.com.mx\/shop\/wp-json\/wp\/v2\/product\/5548","targetHints":{"allow":["GET"]}}],"collection":[{"href":"https:\/\/guitarmusichall.com.mx\/shop\/wp-json\/wp\/v2\/product"}],"about":[{"href":"https:\/\/guitarmusichall.com.mx\/shop\/wp-json\/wp\/v2\/types\/product"}],"wp:featuredmedia":[{"embeddable":true,"href":"https:\/\/guitarmusichall.com.mx\/shop\/wp-json\/wp\/v2\/media\/5549"}],"wp:attachment":[{"href":"https:\/\/guitarmusichall.com.mx\/shop\/wp-json\/wp\/v2\/media?parent=5548"}],"wp:term":[{"taxonomy":"product_brand","embeddable":true,"href":"https:\/\/guitarmusichall.com.mx\/shop\/wp-json\/wp\/v2\/product_brand?post=5548"},{"taxonomy":"product_cat","embeddable":true,"href":"https:\/\/guitarmusichall.com.mx\/shop\/wp-json\/wp\/v2\/product_cat?post=5548"},{"taxonomy":"product_tag","embeddable":true,"href":"https:\/\/guitarmusichall.com.mx\/shop\/wp-json\/wp\/v2\/product_tag?post=5548"}],"curies":[{"name":"wp","href":"https:\/\/api.w.org\/{rel}","templated":true}]}}