{"id":5617,"date":"2021-10-01T23:20:42","date_gmt":"2021-10-01T23:20:42","guid":{"rendered":"https:\/\/guitarmusichall.com.mx\/shop\/?post_type=product&#038;p=5617"},"modified":"2025-06-07T19:46:17","modified_gmt":"2025-06-07T19:46:17","slug":"fender-mustang-lt-50","status":"publish","type":"product","link":"https:\/\/guitarmusichall.com.mx\/shop\/producto\/fender-mustang-lt-50\/","title":{"rendered":"FENDER MUSTANG LT 50"},"content":{"rendered":"","protected":false},"excerpt":{"rendered":"<p><strong>DESCRIPCION DEL PRODUCTO<\/strong><\/p>\n<p>Amplificador Fender Mustang LT 50<\/p>\n<p><strong>NUMERO DE PRODUCTO<\/strong><\/p>\n<p>2311200000<\/p>\n<p><strong>CARACTERISTICAS DEL PRODUCTO<\/strong><\/p>\n<p>El Mustang LT50 incorpora lo que hemos aprendido durante d\u00e9cadas produciendo los amplificadores de guitarra con mejor sonido del mundo. Es ideal para la pr\u00e1ctica o las actuaciones, con 50 vatios de potencia, un altavoz de 12 pulgadas de alta calidad, una interfaz de usuario s\u00faper simple, pantalla a todo color y una colecci\u00f3n de presets que cubren una amplia gama de m\u00fasica, con \u201clos grandes \u00e9xitos\u00bb de sonidos de guitarra el\u00e9ctrica. La cadena de se\u00f1al vers\u00e1til con amplificador integrado de alta calidad y modelos de efectos produce tonos incre\u00edbles, lo que lo convierte en el amplificador de 50 vatios m\u00e1s inspirador de su clase. Y con una descarga gratuita de Fender TONE 3.0, puedes usar tanto Mac como PC para editar, almacenar y administrar presets con facilidad. Tambi\u00e9n tiene acceso a una gran cantidad de presets emocionantes de la comunidad Fender TONE. El Mustang LT50 es un amplificador de modelado divertido, flexible y f\u00e1cil de usar para cualquier guitarrista. Es el \u00fanico amplificador de 50 vatios en su clase con un conjunto de caracter\u00edsticas tan impresionante.<\/p>\n<p>* Entrada auxiliar1\/8 in (3.5 mm) Stereo<\/p>\n<p>* CanalesOne &#8211; (with Selectable Amp Voice)<\/p>\n<p>* Connection TypeIEC<\/p>\n<p>* Panel de control Gain, Volume, Treble, Bass, Master, Preset Select, Back Button, Save Button, Menu Button, Tap Tempo\/Tuner Button<\/p>\n<p>* ControlesGain, Volume, Treble, Bass, Master, Preset Select, Back Button, Save Button, Menu Button, Tap Tempo\/Tuner Button<\/p>\n<p>* Efectos20 Amp Models, Multiple Effects (Stompbox\/Delay\/Reverb\/Modulation), 60 Presets (30 Pre-Loaded, 30 Easily Accessible)<\/p>\n<p>* Jack para auriculares1\/8&#8243; Stereo<\/p>\n<p>* EntradasOne 1\/4&#8243;<\/p>\n<p>* Salida de l\u00edneaOne 1\/4 in TRS Balanced (Mono)<\/p>\n<p>* Potencia50 Watts<\/p>\n<p>* AltavocesOne &#8211; 12&#8243; Fender\u00ae Special Design<\/p>\n<p>* Impedancia total 8 ohms<\/p>\n<p>&nbsp;<\/p>\n<p>&nbsp;<\/p>\n","protected":false},"featured_media":5619,"template":"","meta":{"site-sidebar-layout":"default","site-content-layout":"default","ast-site-content-layout":"default","site-content-style":"default","site-sidebar-style":"default","ast-global-header-display":"","ast-banner-title-visibility":"","ast-main-header-display":"","ast-hfb-above-header-display":"","ast-hfb-below-header-display":"","ast-hfb-mobile-header-display":"","site-post-title":"","ast-breadcrumbs-content":"","ast-featured-img":"","footer-sml-layout":"","ast-disable-related-posts":"","theme-transparent-header-meta":"default","adv-header-id-meta":"","stick-header-meta":"","header-above-stick-meta":"","header-main-stick-meta":"","header-below-stick-meta":"","astra-migrate-meta-layouts":"default","ast-page-background-enabled":"default","ast-page-background-meta":{"desktop":{"background-color":"","background-image":"","background-repeat":"repeat","background-position":"center center","background-size":"auto","background-attachment":"scroll","background-type":"","background-media":"","overlay-type":"","overlay-color":"","overlay-opacity":"","overlay-gradient":""},"tablet":{"background-color":"","background-image":"","background-repeat":"repeat","background-position":"center center","background-size":"auto","background-attachment":"scroll","background-type":"","background-media":"","overlay-type":"","overlay-color":"","overlay-opacity":"","overlay-gradient":""},"mobile":{"background-color":"","background-image":"","background-repeat":"repeat","background-position":"center center","background-size":"auto","background-attachment":"scroll","background-type":"","background-media":"","overlay-type":"","overlay-color":"","overlay-opacity":"","overlay-gradient":""}},"ast-content-background-meta":{"desktop":{"background-color":"var(--ast-global-color-5)","background-image":"","background-repeat":"repeat","background-position":"center center","background-size":"auto","background-attachment":"scroll","background-type":"","background-media":"","overlay-type":"","overlay-color":"","overlay-opacity":"","overlay-gradient":""},"tablet":{"background-color":"var(--ast-global-color-5)","background-image":"","background-repeat":"repeat","background-position":"center center","background-size":"auto","background-attachment":"scroll","background-type":"","background-media":"","overlay-type":"","overlay-color":"","overlay-opacity":"","overlay-gradient":""},"mobile":{"background-color":"var(--ast-global-color-5)","background-image":"","background-repeat":"repeat","background-position":"center center","background-size":"auto","background-attachment":"scroll","background-type":"","background-media":"","overlay-type":"","overlay-color":"","overlay-opacity":"","overlay-gradient":""}}},"product_brand":[],"product_cat":[38,145],"product_tag":[],"class_list":{"0":"post-5617","1":"product","2":"type-product","3":"status-publish","4":"has-post-thumbnail","6":"product_cat-fender","7":"product_cat-guitarra-electrica-3","8":"product_shipping_class-producto-extra-grande","9":"desktop-align-left","10":"tablet-align-left","11":"mobile-align-left","13":"first","14":"outofstock","15":"shipping-taxable","16":"purchasable","17":"product-type-simple"},"jetpack_sharing_enabled":true,"_links":{"self":[{"href":"https:\/\/guitarmusichall.com.mx\/shop\/wp-json\/wp\/v2\/product\/5617","targetHints":{"allow":["GET"]}}],"collection":[{"href":"https:\/\/guitarmusichall.com.mx\/shop\/wp-json\/wp\/v2\/product"}],"about":[{"href":"https:\/\/guitarmusichall.com.mx\/shop\/wp-json\/wp\/v2\/types\/product"}],"wp:featuredmedia":[{"embeddable":true,"href":"https:\/\/guitarmusichall.com.mx\/shop\/wp-json\/wp\/v2\/media\/5619"}],"wp:attachment":[{"href":"https:\/\/guitarmusichall.com.mx\/shop\/wp-json\/wp\/v2\/media?parent=5617"}],"wp:term":[{"taxonomy":"product_brand","embeddable":true,"href":"https:\/\/guitarmusichall.com.mx\/shop\/wp-json\/wp\/v2\/product_brand?post=5617"},{"taxonomy":"product_cat","embeddable":true,"href":"https:\/\/guitarmusichall.com.mx\/shop\/wp-json\/wp\/v2\/product_cat?post=5617"},{"taxonomy":"product_tag","embeddable":true,"href":"https:\/\/guitarmusichall.com.mx\/shop\/wp-json\/wp\/v2\/product_tag?post=5617"}],"curies":[{"name":"wp","href":"https:\/\/api.w.org\/{rel}","templated":true}]}}