{"id":6326,"date":"2021-12-21T19:59:33","date_gmt":"2021-12-21T19:59:33","guid":{"rendered":"https:\/\/guitarmusichall.com.mx\/shop\/?post_type=product&#038;p=6326"},"modified":"2025-06-12T20:54:36","modified_gmt":"2025-06-12T20:54:36","slug":"jackson-js32-7-arch-top-dka-sw","status":"publish","type":"product","link":"https:\/\/guitarmusichall.com.mx\/shop\/producto\/jackson-js32-7-arch-top-dka-sw\/","title":{"rendered":"JACKSON JS32-7 ARCH TOP DKA SW"},"content":{"rendered":"","protected":false},"excerpt":{"rendered":"<p><strong>DESCRIPCION DEL PRODUCTO<\/strong><\/p>\n<p>Guitarra El\u00e9ctrica Jackson JS32-7 Arch Top DKA SW<\/p>\n<p><strong>NUMERO DE PRODUCTO<\/strong><\/p>\n<p>2910113576<\/p>\n<p><strong>CARACTERISTICAS DEL PRODUCTO<\/strong><\/p>\n<p>Los fan\u00e1ticos de las siete cuerdas que buscan una guitarra que sea tan elegante y letal como asequible encontrar\u00e1n todo lo que necesitan con la JS Series Dinky\u2122 Arch Top JS32-7 DKA HT.<\/p>\n<p>Este hacha elegante cuenta con una longitud de escala de 26,5&#8243; para una mejor articulaci\u00f3n de graves, un cuerpo de \u00e1lamo ligero y resonante con una parte superior arqueada, m\u00e1stil de arce atornillado con refuerzo de grafito y uni\u00f3n en bisel para una estabilidad s\u00f3lida como una roca.\u00a0Con 24 trastes jumbo e incrustaciones de dientes de pira\u00f1a, el diapas\u00f3n de amaranto de radio compuesto de 12&#8243;-16&#8243; crea la superficie ideal para tocar riffs gruesos y acordes f\u00e1ciles cerca de la cejilla de pl\u00e1stico negro mientras se aplana gradualmente en los registros superiores para solos r\u00e1pidos como el rayo y curvas amplias sin miedo a enfadarme.<\/p>\n<p>Alimentado por dos pastillas humbucking Jackson de alto rendimiento de montaje directo, el JS32-7 DKA HT tambi\u00e9n est\u00e1 equipado con un interruptor de hoja de tres v\u00edas, controles de tono y volumen \u00fanicos, puente Jackson HT7 fijo de cuerda a trav\u00e9s del cuerpo compensado, fundido a presi\u00f3n sellado sintonizadores y nuestro clavijero AT-1 3&#215;4 (3 arriba, 4 abajo).<\/p>\n<p>Disponible en un elegante y puro acabado Snow White, el JS32-7 DKA HT se completa con herrajes completamente negros y un elegante ribete de cuello blanco.<\/p>\n<p>* Cuerpo Poplar<\/p>\n<p>* Brazo Maple<\/p>\n<p>* Diapas\u00f3n Amaranth<\/p>\n<p>* Pastillas Jackson\u00ae High-Output 7-String Humbucking<\/p>\n<p>&#8211; Maquinaria Jackson\u00ae Sealed Die-Cast<\/p>\n<p>* Color Snow White<\/p>\n<p>* 7 Cuerdas<\/p>\n","protected":false},"featured_media":7988,"template":"","meta":{"site-sidebar-layout":"default","site-content-layout":"default","ast-site-content-layout":"default","site-content-style":"default","site-sidebar-style":"default","ast-global-header-display":"","ast-banner-title-visibility":"","ast-main-header-display":"","ast-hfb-above-header-display":"","ast-hfb-below-header-display":"","ast-hfb-mobile-header-display":"","site-post-title":"","ast-breadcrumbs-content":"","ast-featured-img":"","footer-sml-layout":"","ast-disable-related-posts":"","theme-transparent-header-meta":"default","adv-header-id-meta":"","stick-header-meta":"","header-above-stick-meta":"","header-main-stick-meta":"","header-below-stick-meta":"","astra-migrate-meta-layouts":"default","ast-page-background-enabled":"default","ast-page-background-meta":{"desktop":{"background-color":"","background-image":"","background-repeat":"repeat","background-position":"center center","background-size":"auto","background-attachment":"scroll","background-type":"","background-media":"","overlay-type":"","overlay-color":"","overlay-opacity":"","overlay-gradient":""},"tablet":{"background-color":"","background-image":"","background-repeat":"repeat","background-position":"center center","background-size":"auto","background-attachment":"scroll","background-type":"","background-media":"","overlay-type":"","overlay-color":"","overlay-opacity":"","overlay-gradient":""},"mobile":{"background-color":"","background-image":"","background-repeat":"repeat","background-position":"center center","background-size":"auto","background-attachment":"scroll","background-type":"","background-media":"","overlay-type":"","overlay-color":"","overlay-opacity":"","overlay-gradient":""}},"ast-content-background-meta":{"desktop":{"background-color":"var(--ast-global-color-5)","background-image":"","background-repeat":"repeat","background-position":"center center","background-size":"auto","background-attachment":"scroll","background-type":"","background-media":"","overlay-type":"","overlay-color":"","overlay-opacity":"","overlay-gradient":""},"tablet":{"background-color":"var(--ast-global-color-5)","background-image":"","background-repeat":"repeat","background-position":"center center","background-size":"auto","background-attachment":"scroll","background-type":"","background-media":"","overlay-type":"","overlay-color":"","overlay-opacity":"","overlay-gradient":""},"mobile":{"background-color":"var(--ast-global-color-5)","background-image":"","background-repeat":"repeat","background-position":"center center","background-size":"auto","background-attachment":"scroll","background-type":"","background-media":"","overlay-type":"","overlay-color":"","overlay-opacity":"","overlay-gradient":""}}},"product_brand":[],"product_cat":[18,186],"product_tag":[],"class_list":{"0":"post-6326","1":"product","2":"type-product","3":"status-publish","4":"has-post-thumbnail","6":"product_cat-guitarra-electrica","7":"product_cat-jackson","8":"product_shipping_class-producto-extra-grande","9":"desktop-align-left","10":"tablet-align-left","11":"mobile-align-left","13":"first","14":"instock","15":"shipping-taxable","16":"purchasable","17":"product-type-simple"},"jetpack_sharing_enabled":true,"_links":{"self":[{"href":"https:\/\/guitarmusichall.com.mx\/shop\/wp-json\/wp\/v2\/product\/6326","targetHints":{"allow":["GET"]}}],"collection":[{"href":"https:\/\/guitarmusichall.com.mx\/shop\/wp-json\/wp\/v2\/product"}],"about":[{"href":"https:\/\/guitarmusichall.com.mx\/shop\/wp-json\/wp\/v2\/types\/product"}],"wp:featuredmedia":[{"embeddable":true,"href":"https:\/\/guitarmusichall.com.mx\/shop\/wp-json\/wp\/v2\/media\/7988"}],"wp:attachment":[{"href":"https:\/\/guitarmusichall.com.mx\/shop\/wp-json\/wp\/v2\/media?parent=6326"}],"wp:term":[{"taxonomy":"product_brand","embeddable":true,"href":"https:\/\/guitarmusichall.com.mx\/shop\/wp-json\/wp\/v2\/product_brand?post=6326"},{"taxonomy":"product_cat","embeddable":true,"href":"https:\/\/guitarmusichall.com.mx\/shop\/wp-json\/wp\/v2\/product_cat?post=6326"},{"taxonomy":"product_tag","embeddable":true,"href":"https:\/\/guitarmusichall.com.mx\/shop\/wp-json\/wp\/v2\/product_tag?post=6326"}],"curies":[{"name":"wp","href":"https:\/\/api.w.org\/{rel}","templated":true}]}}