{"id":6674,"date":"2022-02-09T23:25:34","date_gmt":"2022-02-09T23:25:34","guid":{"rendered":"https:\/\/guitarmusichall.com.mx\/shop\/?post_type=product&#038;p=6674"},"modified":"2026-02-05T21:52:45","modified_gmt":"2026-02-05T21:52:45","slug":"atril-hercules-gs432bplus","status":"publish","type":"product","link":"https:\/\/guitarmusichall.com.mx\/shop\/producto\/atril-hercules-gs432bplus\/","title":{"rendered":"ATRIL HERCULES GS432BPLUS"},"content":{"rendered":"","protected":false},"excerpt":{"rendered":"<p><strong>DESCRIPCION DEL PRODUCTO<\/strong><\/p>\n<p>Atril Hercules para tres bajos o guitarras<\/p>\n<p><strong>NUMERO DE PRODUCTO<\/strong><\/p>\n<p>GS432BPLUS<\/p>\n<p><strong>CARCATERISTICAS DEL PRODUCTO<\/strong><\/p>\n<p>El soporte triple para guitarra HERCULES GS432B PLUS tiene capacidad para tres instrumentos y cuenta con yugos plegables Auto Grip System (AGS), embrague de ajuste de altura instant\u00e1neo, contactos de goma de espuma especialmente formulada (SFF) y respaldos ajustables.<\/p>\n<p>res sistemas de agarre autom\u00e1tico integrados plegables bloquean de forma segura los instrumentos en su lugar. El yugo AGS est\u00e1 dise\u00f1ado para adaptarse a m\u00e1s tama\u00f1os de cuello de guitarra de 40 mm a 52 mm (1,57&#8243; &#8211; 2,05&#8243;), incluidas guitarras cl\u00e1sicas, ac\u00fasticas, el\u00e9ctricas y bajos.<br \/>\nLos NINA adjuntos (ajuste de cuello de instrumento estrecho, HA301) est\u00e1n especialmente dise\u00f1ados para aumentar el grosor de los brazos AGS para acomodar instrumentos de cuello estrecho desde min. 28 mm (1,10\u201d) como banjos y mandolinas.<br \/>\nEl embrague de ajuste de altura instant\u00e1neo con pasador de bloqueo ajusta la altura del soporte de forma r\u00e1pida, f\u00e1cil y segura.<br \/>\nLos respaldos plegables con ajuste de posici\u00f3n de m\u00faltiples \u00e1ngulos sostienen el instrumento de forma segura y se pliegan de forma segura para viajar.<\/p>\n<p>&nbsp;<\/p>\n<p>&nbsp;<\/p>\n","protected":false},"featured_media":6676,"template":"","meta":{"site-sidebar-layout":"default","site-content-layout":"default","ast-site-content-layout":"default","site-content-style":"default","site-sidebar-style":"default","ast-global-header-display":"","ast-banner-title-visibility":"","ast-main-header-display":"","ast-hfb-above-header-display":"","ast-hfb-below-header-display":"","ast-hfb-mobile-header-display":"","site-post-title":"","ast-breadcrumbs-content":"","ast-featured-img":"","footer-sml-layout":"","ast-disable-related-posts":"","theme-transparent-header-meta":"default","adv-header-id-meta":"","stick-header-meta":"","header-above-stick-meta":"","header-main-stick-meta":"","header-below-stick-meta":"","astra-migrate-meta-layouts":"set","ast-page-background-enabled":"default","ast-page-background-meta":{"desktop":{"background-color":"","background-image":"","background-repeat":"repeat","background-position":"center center","background-size":"auto","background-attachment":"scroll","background-type":"","background-media":"","overlay-type":"","overlay-color":"","overlay-opacity":"","overlay-gradient":""},"tablet":{"background-color":"","background-image":"","background-repeat":"repeat","background-position":"center center","background-size":"auto","background-attachment":"scroll","background-type":"","background-media":"","overlay-type":"","overlay-color":"","overlay-opacity":"","overlay-gradient":""},"mobile":{"background-color":"","background-image":"","background-repeat":"repeat","background-position":"center center","background-size":"auto","background-attachment":"scroll","background-type":"","background-media":"","overlay-type":"","overlay-color":"","overlay-opacity":"","overlay-gradient":""}},"ast-content-background-meta":{"desktop":{"background-color":"var(--ast-global-color-5)","background-image":"","background-repeat":"repeat","background-position":"center center","background-size":"auto","background-attachment":"scroll","background-type":"","background-media":"","overlay-type":"","overlay-color":"","overlay-opacity":"","overlay-gradient":""},"tablet":{"background-color":"var(--ast-global-color-5)","background-image":"","background-repeat":"repeat","background-position":"center center","background-size":"auto","background-attachment":"scroll","background-type":"","background-media":"","overlay-type":"","overlay-color":"","overlay-opacity":"","overlay-gradient":""},"mobile":{"background-color":"var(--ast-global-color-5)","background-image":"","background-repeat":"repeat","background-position":"center center","background-size":"auto","background-attachment":"scroll","background-type":"","background-media":"","overlay-type":"","overlay-color":"","overlay-opacity":"","overlay-gradient":""}}},"product_brand":[],"product_cat":[112,115,116],"product_tag":[],"class_list":{"0":"post-6674","1":"product","2":"type-product","3":"status-publish","4":"has-post-thumbnail","6":"product_cat-p-bajo-electrico","7":"product_cat-p-guitarra-acustica","8":"product_cat-p-guitarra-electrica","9":"desktop-align-left","10":"tablet-align-left","11":"mobile-align-left","13":"first","14":"outofstock","15":"shipping-taxable","16":"purchasable","17":"product-type-simple"},"jetpack_sharing_enabled":true,"_links":{"self":[{"href":"https:\/\/guitarmusichall.com.mx\/shop\/wp-json\/wp\/v2\/product\/6674","targetHints":{"allow":["GET"]}}],"collection":[{"href":"https:\/\/guitarmusichall.com.mx\/shop\/wp-json\/wp\/v2\/product"}],"about":[{"href":"https:\/\/guitarmusichall.com.mx\/shop\/wp-json\/wp\/v2\/types\/product"}],"wp:featuredmedia":[{"embeddable":true,"href":"https:\/\/guitarmusichall.com.mx\/shop\/wp-json\/wp\/v2\/media\/6676"}],"wp:attachment":[{"href":"https:\/\/guitarmusichall.com.mx\/shop\/wp-json\/wp\/v2\/media?parent=6674"}],"wp:term":[{"taxonomy":"product_brand","embeddable":true,"href":"https:\/\/guitarmusichall.com.mx\/shop\/wp-json\/wp\/v2\/product_brand?post=6674"},{"taxonomy":"product_cat","embeddable":true,"href":"https:\/\/guitarmusichall.com.mx\/shop\/wp-json\/wp\/v2\/product_cat?post=6674"},{"taxonomy":"product_tag","embeddable":true,"href":"https:\/\/guitarmusichall.com.mx\/shop\/wp-json\/wp\/v2\/product_tag?post=6674"}],"curies":[{"name":"wp","href":"https:\/\/api.w.org\/{rel}","templated":true}]}}