{"id":7135,"date":"2022-06-02T19:58:16","date_gmt":"2022-06-02T19:58:16","guid":{"rendered":"https:\/\/guitarmusichall.com.mx\/shop\/?post_type=product&#038;p=7135"},"modified":"2026-04-24T23:34:37","modified_gmt":"2026-04-24T23:34:37","slug":"hotone-wally-looper","status":"publish","type":"product","link":"https:\/\/guitarmusichall.com.mx\/shop\/producto\/hotone-wally-looper\/","title":{"rendered":"HOTONE WALLY+ LOOPER"},"content":{"rendered":"","protected":false},"excerpt":{"rendered":"<p><strong>DESCRIPCION DEL PRODUCTO<\/strong><\/p>\n<p>Pedal Hotone Wally+ Looper<\/p>\n<p><strong>NUMERO DE PRODUCTO<\/strong><\/p>\n<p>SLP-2<\/p>\n<p><strong>CARACTERISTICAS DEL PRODUCTO<\/strong><\/p>\n<p>Wally+ se dise\u00f1\u00f3 en la plataforma inteligente y simple Wally Looper de Hotone, luego se mejor\u00f3 en t\u00e9rminos de potencia, facilidad de uso y sofisticaci\u00f3n.<\/p>\n<p>Los fan\u00e1ticos de Wally apreciar\u00e1n los controles de E\/S independientes y la perilla de tempo \u00fanica. Las funciones mejoradas incluyen calidad de grabaci\u00f3n\/reproducci\u00f3n de 24 bits a 44,1 kHz, almacenamiento interno de 8 GB y 11 bancos de frases en bucle guardables.<\/p>\n<p>Wally+ tiene USB incorporado para que pueda importar\/exportar\/administrar sus frases en bucle con el software para PC\/Mac incluido.<\/p>\n<p>&nbsp;<\/p>\n<p>* Grabaci\u00f3n\/reproducci\u00f3n de alta calidad de 24 bits a 44,1 kHz<\/p>\n<p>* Bot\u00f3n GUARDAR para capturar los loops inspirados<\/p>\n<p>* 11 bancos para almacenar<\/p>\n<p>* 8 GB de almacenamiento interno<\/p>\n<p>* Importa, exporta y administra canciones a trav\u00e9s de USB<\/p>\n<p>* Software gratuito para PC y Mac para administrar frases<\/p>\n<p>* Cambia el tempo y el volumen del bucle sobre la marcha<\/p>\n<p>* M\u00e1x. tiempo de grabaci\u00f3n: 330 minutos en total (m\u00e1x. 30 minutos de cada banco)<\/p>\n","protected":false},"featured_media":7136,"template":"","meta":{"site-sidebar-layout":"default","site-content-layout":"default","ast-site-content-layout":"default","site-content-style":"default","site-sidebar-style":"default","ast-global-header-display":"","ast-banner-title-visibility":"","ast-main-header-display":"","ast-hfb-above-header-display":"","ast-hfb-below-header-display":"","ast-hfb-mobile-header-display":"","site-post-title":"","ast-breadcrumbs-content":"","ast-featured-img":"","footer-sml-layout":"","ast-disable-related-posts":"","theme-transparent-header-meta":"default","adv-header-id-meta":"","stick-header-meta":"","header-above-stick-meta":"","header-main-stick-meta":"","header-below-stick-meta":"","astra-migrate-meta-layouts":"default","ast-page-background-enabled":"default","ast-page-background-meta":{"desktop":{"background-color":"","background-image":"","background-repeat":"repeat","background-position":"center center","background-size":"auto","background-attachment":"scroll","background-type":"","background-media":"","overlay-type":"","overlay-color":"","overlay-opacity":"","overlay-gradient":""},"tablet":{"background-color":"","background-image":"","background-repeat":"repeat","background-position":"center center","background-size":"auto","background-attachment":"scroll","background-type":"","background-media":"","overlay-type":"","overlay-color":"","overlay-opacity":"","overlay-gradient":""},"mobile":{"background-color":"","background-image":"","background-repeat":"repeat","background-position":"center center","background-size":"auto","background-attachment":"scroll","background-type":"","background-media":"","overlay-type":"","overlay-color":"","overlay-opacity":"","overlay-gradient":""}},"ast-content-background-meta":{"desktop":{"background-color":"var(--ast-global-color-5)","background-image":"","background-repeat":"repeat","background-position":"center center","background-size":"auto","background-attachment":"scroll","background-type":"","background-media":"","overlay-type":"","overlay-color":"","overlay-opacity":"","overlay-gradient":""},"tablet":{"background-color":"var(--ast-global-color-5)","background-image":"","background-repeat":"repeat","background-position":"center center","background-size":"auto","background-attachment":"scroll","background-type":"","background-media":"","overlay-type":"","overlay-color":"","overlay-opacity":"","overlay-gradient":""},"mobile":{"background-color":"var(--ast-global-color-5)","background-image":"","background-repeat":"repeat","background-position":"center center","background-size":"auto","background-attachment":"scroll","background-type":"","background-media":"","overlay-type":"","overlay-color":"","overlay-opacity":"","overlay-gradient":""}}},"product_brand":[],"product_cat":[220,219],"product_tag":[],"class_list":{"0":"post-7135","1":"product","2":"type-product","3":"status-publish","4":"has-post-thumbnail","6":"product_cat-hotone","7":"product_cat-hotone-guit","8":"desktop-align-left","9":"tablet-align-left","10":"mobile-align-left","12":"first","13":"outofstock","14":"shipping-taxable","15":"purchasable","16":"product-type-simple"},"jetpack_sharing_enabled":true,"_links":{"self":[{"href":"https:\/\/guitarmusichall.com.mx\/shop\/wp-json\/wp\/v2\/product\/7135","targetHints":{"allow":["GET"]}}],"collection":[{"href":"https:\/\/guitarmusichall.com.mx\/shop\/wp-json\/wp\/v2\/product"}],"about":[{"href":"https:\/\/guitarmusichall.com.mx\/shop\/wp-json\/wp\/v2\/types\/product"}],"wp:featuredmedia":[{"embeddable":true,"href":"https:\/\/guitarmusichall.com.mx\/shop\/wp-json\/wp\/v2\/media\/7136"}],"wp:attachment":[{"href":"https:\/\/guitarmusichall.com.mx\/shop\/wp-json\/wp\/v2\/media?parent=7135"}],"wp:term":[{"taxonomy":"product_brand","embeddable":true,"href":"https:\/\/guitarmusichall.com.mx\/shop\/wp-json\/wp\/v2\/product_brand?post=7135"},{"taxonomy":"product_cat","embeddable":true,"href":"https:\/\/guitarmusichall.com.mx\/shop\/wp-json\/wp\/v2\/product_cat?post=7135"},{"taxonomy":"product_tag","embeddable":true,"href":"https:\/\/guitarmusichall.com.mx\/shop\/wp-json\/wp\/v2\/product_tag?post=7135"}],"curies":[{"name":"wp","href":"https:\/\/api.w.org\/{rel}","templated":true}]}}