{"id":722,"date":"2020-08-12T22:44:31","date_gmt":"2020-08-12T22:44:31","guid":{"rendered":"https:\/\/guitarmusichall.com.mx\/shop\/?post_type=product&#038;p=722"},"modified":"2025-06-06T23:51:30","modified_gmt":"2025-06-06T23:51:30","slug":"paq-squier-aff-strat-bk-micro","status":"publish","type":"product","link":"https:\/\/guitarmusichall.com.mx\/shop\/producto\/paq-squier-aff-strat-bk-micro\/","title":{"rendered":"PAQ SQUIER AFF STRAT BK MICRO"},"content":{"rendered":"","protected":false},"excerpt":{"rendered":"<p><strong>DESCRIPCION DEL PRODUCTO<\/strong><\/p>\n<p><span style=\"vertical-align: inherit;\"><span style=\"vertical-align: inherit;\">Paquete Squier Affinity Strat BK Micro<\/span><\/span><\/p>\n<p><strong>NUMERO DE PRODUCTO<\/strong><\/p>\n<p><span style=\"vertical-align: inherit;\"><span style=\"vertical-align: inherit;\">0372873206<\/span><\/span><\/p>\n<p><strong>CARACERISTICAS DEL PRODUCTO<\/strong><\/p>\n<p>Una magn\u00edfica puerta de entrada a la venerable familia Fender\u00ae, la Squier Affinity Series Stratocaster ofrece un dise\u00f1o legendario y un sonido por excelencia para el aspirante a h\u00e9roe de la guitarra de hoy. Equipada con un tr\u00edo de pastillas Squier Strat de bobina simple para una variedad sonora que desaf\u00eda el g\u00e9nero y un puente de tr\u00e9molo sincronizado para inspiradores efectos de flexi\u00f3n de cuerdas, este modelo est\u00e1 listo para acompa\u00f1ar a cualquier m\u00fasico en cualquier escenario.<\/p>\n<p>Mustang Micro es un amplificador de auriculares de guitarra personal completo que presenta una amplia selecci\u00f3n de tonos y efectos de la serie de amplificadores digitales m\u00e1s popular del mundo. Conecta Mustang Micro directamente a tu guitarra, conecta tus aud\u00edfonos con cable favoritos y elige la configuraci\u00f3n perfecta de amplificador y efectos. Gracias a su capacidad de transmisi\u00f3n Bluetooth, Mustang Micro es perfecto para tocar de forma inal\u00e1mbrica junto con una fuente de audio, y la conexi\u00f3n USB-C funciona como una interfaz de audio para grabar directamente a una Mac o PC.<\/p>\n<p>Los aud\u00edfonos de estudio profesionales PreSonus HD9 incluidos cuentan con controladores din\u00e1micos en un dise\u00f1o ac\u00fastico cerrado para un aislamiento de escucha superior. Los auriculares HD9 brindan comodidad, durabilidad y una calidad de audio superior que combina perfectamente con el Mustang Micro.<\/p>\n<p>Tambi\u00e9n se incluyen una funda acolchada de lujo, correa y p\u00faas, as\u00ed como una suscripci\u00f3n gratuita de 3 meses a Fender Play: la forma m\u00e1s f\u00e1cil de aprender a tocar la guitarra.<\/p>\n<p>* Guitarra Stratocaster Squier Affinity Series Color Black<\/p>\n<p>* Amplificador de aud\u00edfonos Fender Mustang Micro<\/p>\n<p>* Aud\u00edfonos profesionales PreSonus HD9<\/p>\n<p>* Funda acolchada, correa, p\u00faas<\/p>\n<p>* Suscripci\u00f3n de 3 meses a Fender Play<\/p>\n","protected":false},"featured_media":9197,"template":"","meta":{"site-sidebar-layout":"default","site-content-layout":"default","ast-site-content-layout":"default","site-content-style":"default","site-sidebar-style":"default","ast-global-header-display":"","ast-banner-title-visibility":"","ast-main-header-display":"","ast-hfb-above-header-display":"","ast-hfb-below-header-display":"","ast-hfb-mobile-header-display":"","site-post-title":"","ast-breadcrumbs-content":"","ast-featured-img":"","footer-sml-layout":"","ast-disable-related-posts":"","theme-transparent-header-meta":"default","adv-header-id-meta":"","stick-header-meta":"","header-above-stick-meta":"","header-main-stick-meta":"","header-below-stick-meta":"","astra-migrate-meta-layouts":"set","ast-page-background-enabled":"default","ast-page-background-meta":{"desktop":{"background-color":"","background-image":"","background-repeat":"repeat","background-position":"center center","background-size":"auto","background-attachment":"scroll","background-type":"","background-media":"","overlay-type":"","overlay-color":"","overlay-opacity":"","overlay-gradient":""},"tablet":{"background-color":"","background-image":"","background-repeat":"repeat","background-position":"center center","background-size":"auto","background-attachment":"scroll","background-type":"","background-media":"","overlay-type":"","overlay-color":"","overlay-opacity":"","overlay-gradient":""},"mobile":{"background-color":"","background-image":"","background-repeat":"repeat","background-position":"center center","background-size":"auto","background-attachment":"scroll","background-type":"","background-media":"","overlay-type":"","overlay-color":"","overlay-opacity":"","overlay-gradient":""}},"ast-content-background-meta":{"desktop":{"background-color":"var(--ast-global-color-5)","background-image":"","background-repeat":"repeat","background-position":"center center","background-size":"auto","background-attachment":"scroll","background-type":"","background-media":"","overlay-type":"","overlay-color":"","overlay-opacity":"","overlay-gradient":""},"tablet":{"background-color":"var(--ast-global-color-5)","background-image":"","background-repeat":"repeat","background-position":"center center","background-size":"auto","background-attachment":"scroll","background-type":"","background-media":"","overlay-type":"","overlay-color":"","overlay-opacity":"","overlay-gradient":""},"mobile":{"background-color":"var(--ast-global-color-5)","background-image":"","background-repeat":"repeat","background-position":"center center","background-size":"auto","background-attachment":"scroll","background-type":"","background-media":"","overlay-type":"","overlay-color":"","overlay-opacity":"","overlay-gradient":""}}},"product_brand":[],"product_cat":[18,106],"product_tag":[],"class_list":{"0":"post-722","1":"product","2":"type-product","3":"status-publish","4":"has-post-thumbnail","6":"product_cat-guitarra-electrica","7":"product_cat-squier","8":"product_shipping_class-producto-super-extra-grande","9":"desktop-align-left","10":"tablet-align-left","11":"mobile-align-left","13":"first","14":"instock","15":"shipping-taxable","16":"purchasable","17":"product-type-simple"},"jetpack_sharing_enabled":true,"_links":{"self":[{"href":"https:\/\/guitarmusichall.com.mx\/shop\/wp-json\/wp\/v2\/product\/722","targetHints":{"allow":["GET"]}}],"collection":[{"href":"https:\/\/guitarmusichall.com.mx\/shop\/wp-json\/wp\/v2\/product"}],"about":[{"href":"https:\/\/guitarmusichall.com.mx\/shop\/wp-json\/wp\/v2\/types\/product"}],"wp:featuredmedia":[{"embeddable":true,"href":"https:\/\/guitarmusichall.com.mx\/shop\/wp-json\/wp\/v2\/media\/9197"}],"wp:attachment":[{"href":"https:\/\/guitarmusichall.com.mx\/shop\/wp-json\/wp\/v2\/media?parent=722"}],"wp:term":[{"taxonomy":"product_brand","embeddable":true,"href":"https:\/\/guitarmusichall.com.mx\/shop\/wp-json\/wp\/v2\/product_brand?post=722"},{"taxonomy":"product_cat","embeddable":true,"href":"https:\/\/guitarmusichall.com.mx\/shop\/wp-json\/wp\/v2\/product_cat?post=722"},{"taxonomy":"product_tag","embeddable":true,"href":"https:\/\/guitarmusichall.com.mx\/shop\/wp-json\/wp\/v2\/product_tag?post=722"}],"curies":[{"name":"wp","href":"https:\/\/api.w.org\/{rel}","templated":true}]}}