{"id":8113,"date":"2022-12-16T20:25:40","date_gmt":"2022-12-16T20:25:40","guid":{"rendered":"https:\/\/guitarmusichall.com.mx\/shop\/?post_type=product&#038;p=8113"},"modified":"2023-02-20T22:04:31","modified_gmt":"2023-02-20T22:04:31","slug":"ehx-v256-vocoder","status":"publish","type":"product","link":"https:\/\/guitarmusichall.com.mx\/shop\/producto\/ehx-v256-vocoder\/","title":{"rendered":"EHX V256 VOCODER"},"content":{"rendered":"","protected":false},"excerpt":{"rendered":"<p><strong>DESCRIPCION DEL PRODUCTO<\/strong><\/p>\n<p>Pedal Electro-Harmonix V256 Vocoder<\/p>\n<p><strong>NUMERO DE PRODUCTO<\/strong><\/p>\n<p>V256<\/p>\n<p><strong>CARACTERISTICAS DE4L PRODUCTO<\/strong><\/p>\n<p>Robotiza, Armoniza&#8230; \u00a1Domina el mundo del vocoder! El V 256 suelda tu voz a tu hacha inspirando el giro de la creatividad que puede marcar la diferencia. Cambia tu g\u00e9nero, zumba tu tono e invita a extraterrestres a tu obra de arte. \u00bfQuieres flexibilidad? El V 256 te permite ajustar el vocoder de 8 a 256 bandas, llev\u00e1ndote de regreso a los a\u00f1os 80 y impuls\u00e1ndote hacia el futuro al mismo tiempo. Mejora tu voz con el procesamiento avanzado \u00abReflex Tune\u00bb&#8230; el efecto de correcci\u00f3n de tono m\u00e1s popular de la actualidad.<\/p>\n<p>* Control de mezcla<\/p>\n<p>* 9 ubicaciones de memoria programables<\/p>\n<p>* Ajuste de banda Vocoder de 8 a 256 bandas<\/p>\n<p>* Cambiador de g\u00e9nero para ajuste de \u00e9nfasis masculino o femenino<\/p>\n<p>* Reflex Tune para articular correcci\u00f3n de tono vocal<\/p>\n<p>* 3 voces rob\u00f3ticas y drones individuales, mayores y menores, todos con control de tono<\/p>\n<p>* Conector de micr\u00f3fono XLR con alimentaci\u00f3n phantom<\/p>\n<p>* Transposici\u00f3n para cambio de tono<\/p>\n<p>* Control de instrumentos para reemplazo de tono monof\u00f3nico<\/p>\n","protected":false},"featured_media":8114,"template":"","meta":{"site-sidebar-layout":"default","site-content-layout":"default","ast-site-content-layout":"default","site-content-style":"default","site-sidebar-style":"default","ast-global-header-display":"","ast-banner-title-visibility":"","ast-main-header-display":"","ast-hfb-above-header-display":"","ast-hfb-below-header-display":"","ast-hfb-mobile-header-display":"","site-post-title":"","ast-breadcrumbs-content":"","ast-featured-img":"","footer-sml-layout":"","ast-disable-related-posts":"","theme-transparent-header-meta":"default","adv-header-id-meta":"","stick-header-meta":"","header-above-stick-meta":"","header-main-stick-meta":"","header-below-stick-meta":"","astra-migrate-meta-layouts":"default","ast-page-background-enabled":"default","ast-page-background-meta":{"desktop":{"background-color":"","background-image":"","background-repeat":"repeat","background-position":"center center","background-size":"auto","background-attachment":"scroll","background-type":"","background-media":"","overlay-type":"","overlay-color":"","overlay-opacity":"","overlay-gradient":""},"tablet":{"background-color":"","background-image":"","background-repeat":"repeat","background-position":"center center","background-size":"auto","background-attachment":"scroll","background-type":"","background-media":"","overlay-type":"","overlay-color":"","overlay-opacity":"","overlay-gradient":""},"mobile":{"background-color":"","background-image":"","background-repeat":"repeat","background-position":"center center","background-size":"auto","background-attachment":"scroll","background-type":"","background-media":"","overlay-type":"","overlay-color":"","overlay-opacity":"","overlay-gradient":""}},"ast-content-background-meta":{"desktop":{"background-color":"var(--ast-global-color-5)","background-image":"","background-repeat":"repeat","background-position":"center center","background-size":"auto","background-attachment":"scroll","background-type":"","background-media":"","overlay-type":"","overlay-color":"","overlay-opacity":"","overlay-gradient":""},"tablet":{"background-color":"var(--ast-global-color-5)","background-image":"","background-repeat":"repeat","background-position":"center center","background-size":"auto","background-attachment":"scroll","background-type":"","background-media":"","overlay-type":"","overlay-color":"","overlay-opacity":"","overlay-gradient":""},"mobile":{"background-color":"var(--ast-global-color-5)","background-image":"","background-repeat":"repeat","background-position":"center center","background-size":"auto","background-attachment":"scroll","background-type":"","background-media":"","overlay-type":"","overlay-color":"","overlay-opacity":"","overlay-gradient":""}}},"product_brand":[],"product_cat":[36,243],"product_tag":[],"class_list":{"0":"post-8113","1":"product","2":"type-product","3":"status-publish","4":"has-post-thumbnail","6":"product_cat-electro-harmonix","7":"product_cat-electro-harmonix-voz","8":"desktop-align-left","9":"tablet-align-left","10":"mobile-align-left","12":"first","13":"instock","14":"shipping-taxable","15":"purchasable","16":"product-type-simple"},"jetpack_sharing_enabled":true,"_links":{"self":[{"href":"https:\/\/guitarmusichall.com.mx\/shop\/wp-json\/wp\/v2\/product\/8113","targetHints":{"allow":["GET"]}}],"collection":[{"href":"https:\/\/guitarmusichall.com.mx\/shop\/wp-json\/wp\/v2\/product"}],"about":[{"href":"https:\/\/guitarmusichall.com.mx\/shop\/wp-json\/wp\/v2\/types\/product"}],"wp:featuredmedia":[{"embeddable":true,"href":"https:\/\/guitarmusichall.com.mx\/shop\/wp-json\/wp\/v2\/media\/8114"}],"wp:attachment":[{"href":"https:\/\/guitarmusichall.com.mx\/shop\/wp-json\/wp\/v2\/media?parent=8113"}],"wp:term":[{"taxonomy":"product_brand","embeddable":true,"href":"https:\/\/guitarmusichall.com.mx\/shop\/wp-json\/wp\/v2\/product_brand?post=8113"},{"taxonomy":"product_cat","embeddable":true,"href":"https:\/\/guitarmusichall.com.mx\/shop\/wp-json\/wp\/v2\/product_cat?post=8113"},{"taxonomy":"product_tag","embeddable":true,"href":"https:\/\/guitarmusichall.com.mx\/shop\/wp-json\/wp\/v2\/product_tag?post=8113"}],"curies":[{"name":"wp","href":"https:\/\/api.w.org\/{rel}","templated":true}]}}