{"id":8368,"date":"2023-02-20T22:49:10","date_gmt":"2023-02-20T22:49:10","guid":{"rendered":"https:\/\/guitarmusichall.com.mx\/shop\/?post_type=product&#038;p=8368"},"modified":"2023-02-20T22:49:10","modified_gmt":"2023-02-20T22:49:10","slug":"ehx-main-frame","status":"publish","type":"product","link":"https:\/\/guitarmusichall.com.mx\/shop\/producto\/ehx-main-frame\/","title":{"rendered":"EHX MAIN FRAME"},"content":{"rendered":"","protected":false},"excerpt":{"rendered":"<p><strong>DESCRIPCION DEL PRODUCTO<\/strong><\/p>\n<p>Pedal Electro-Harmonix Main Frame<\/p>\n<p><strong>NUMERO DE PRODUCTO<\/strong><\/p>\n<p>MAINFRAME<\/p>\n<p><strong>CARACTERISTICAS DEL PRODUCTO<\/strong><\/p>\n<p>Zumbido. Bip y bloop. Nos encantan los sonidos de baja fidelidad de los juegos, juguetes y terminales de la \u00abvieja escuela\u00bb, y el Mainframe Bit Crusher nos lleva atr\u00e1s en el tiempo, cuando Pac Man y Donkey Kong gobernaban las salas de juegos, cuando el Commodore 64 era de alta tecnolog\u00eda. .<\/p>\n<p>Proporciona una reducci\u00f3n de la frecuencia de muestreo que va de 48 kHz a 110 Hz. Un poco de historia&#8230; la frecuencia de muestreo es la cantidad de veces por segundo que se toma una muestra o instant\u00e1nea de una se\u00f1al anal\u00f3gica. Por ejemplo, los CD (\u00bflos recuerdan?) ten\u00edan una frecuencia de muestreo de 44,1 kHz, lo que significa que la se\u00f1al anal\u00f3gica original se muestrea 44.100 veces por segundo.<\/p>\n<p>* Reducci\u00f3n de frecuencia de muestreo de 48 kHz a 110 Hz<br \/>\n* Reducci\u00f3n de profundidad de bits de 24 bits a 1 bit<br \/>\n* Filtro de paso de banda\/alto\/bajo seleccionable para dar forma a los artefactos de la trituraci\u00f3n de bits y la reducci\u00f3n de la frecuencia de muestreo<br \/>\n* El modo de ajuste de la frecuencia de muestreo le permite configurar la frecuencia de muestreo para que coincida con la clave de una canci\u00f3n, o ajustar continuamente la frecuencia de muestreo seg\u00fan lo que toca en su instrumento<br \/>\n* El ajuste preestablecido programable o del pedal de expresi\u00f3n le permite guardar su sonido o controlar cualquier combinaci\u00f3n de las perillas de Mainframe con un pedal de expresi\u00f3n externo \u2022 Los<br \/>\npar\u00e1metros de las perillas secundarias le permiten afinar el efecto de Mainframe<br \/>\n* Bypass con b\u00fafer de alta calidad y conmutaci\u00f3n silenciosa<\/p>\n","protected":false},"featured_media":8369,"template":"","meta":{"site-sidebar-layout":"default","site-content-layout":"default","ast-site-content-layout":"default","site-content-style":"default","site-sidebar-style":"default","ast-global-header-display":"","ast-banner-title-visibility":"","ast-main-header-display":"","ast-hfb-above-header-display":"","ast-hfb-below-header-display":"","ast-hfb-mobile-header-display":"","site-post-title":"","ast-breadcrumbs-content":"","ast-featured-img":"","footer-sml-layout":"","ast-disable-related-posts":"","theme-transparent-header-meta":"default","adv-header-id-meta":"","stick-header-meta":"","header-above-stick-meta":"","header-main-stick-meta":"","header-below-stick-meta":"","astra-migrate-meta-layouts":"default","ast-page-background-enabled":"default","ast-page-background-meta":{"desktop":{"background-color":"","background-image":"","background-repeat":"repeat","background-position":"center center","background-size":"auto","background-attachment":"scroll","background-type":"","background-media":"","overlay-type":"","overlay-color":"","overlay-opacity":"","overlay-gradient":""},"tablet":{"background-color":"","background-image":"","background-repeat":"repeat","background-position":"center center","background-size":"auto","background-attachment":"scroll","background-type":"","background-media":"","overlay-type":"","overlay-color":"","overlay-opacity":"","overlay-gradient":""},"mobile":{"background-color":"","background-image":"","background-repeat":"repeat","background-position":"center center","background-size":"auto","background-attachment":"scroll","background-type":"","background-media":"","overlay-type":"","overlay-color":"","overlay-opacity":"","overlay-gradient":""}},"ast-content-background-meta":{"desktop":{"background-color":"var(--ast-global-color-5)","background-image":"","background-repeat":"repeat","background-position":"center center","background-size":"auto","background-attachment":"scroll","background-type":"","background-media":"","overlay-type":"","overlay-color":"","overlay-opacity":"","overlay-gradient":""},"tablet":{"background-color":"var(--ast-global-color-5)","background-image":"","background-repeat":"repeat","background-position":"center center","background-size":"auto","background-attachment":"scroll","background-type":"","background-media":"","overlay-type":"","overlay-color":"","overlay-opacity":"","overlay-gradient":""},"mobile":{"background-color":"var(--ast-global-color-5)","background-image":"","background-repeat":"repeat","background-position":"center center","background-size":"auto","background-attachment":"scroll","background-type":"","background-media":"","overlay-type":"","overlay-color":"","overlay-opacity":"","overlay-gradient":""}}},"product_brand":[],"product_cat":[36,153],"product_tag":[],"class_list":{"0":"post-8368","1":"product","2":"type-product","3":"status-publish","4":"has-post-thumbnail","6":"product_cat-electro-harmonix","7":"product_cat-electro-harmonix-guit","8":"desktop-align-left","9":"tablet-align-left","10":"mobile-align-left","12":"first","13":"instock","14":"shipping-taxable","15":"purchasable","16":"product-type-simple"},"jetpack_sharing_enabled":true,"_links":{"self":[{"href":"https:\/\/guitarmusichall.com.mx\/shop\/wp-json\/wp\/v2\/product\/8368","targetHints":{"allow":["GET"]}}],"collection":[{"href":"https:\/\/guitarmusichall.com.mx\/shop\/wp-json\/wp\/v2\/product"}],"about":[{"href":"https:\/\/guitarmusichall.com.mx\/shop\/wp-json\/wp\/v2\/types\/product"}],"wp:featuredmedia":[{"embeddable":true,"href":"https:\/\/guitarmusichall.com.mx\/shop\/wp-json\/wp\/v2\/media\/8369"}],"wp:attachment":[{"href":"https:\/\/guitarmusichall.com.mx\/shop\/wp-json\/wp\/v2\/media?parent=8368"}],"wp:term":[{"taxonomy":"product_brand","embeddable":true,"href":"https:\/\/guitarmusichall.com.mx\/shop\/wp-json\/wp\/v2\/product_brand?post=8368"},{"taxonomy":"product_cat","embeddable":true,"href":"https:\/\/guitarmusichall.com.mx\/shop\/wp-json\/wp\/v2\/product_cat?post=8368"},{"taxonomy":"product_tag","embeddable":true,"href":"https:\/\/guitarmusichall.com.mx\/shop\/wp-json\/wp\/v2\/product_tag?post=8368"}],"curies":[{"name":"wp","href":"https:\/\/api.w.org\/{rel}","templated":true}]}}