{"id":8483,"date":"2023-05-17T23:04:01","date_gmt":"2023-05-17T23:04:01","guid":{"rendered":"https:\/\/guitarmusichall.com.mx\/shop\/?post_type=product&#038;p=8483"},"modified":"2025-05-14T23:18:15","modified_gmt":"2025-05-14T23:18:15","slug":"ehx-lizard-queen-octave-fuzz","status":"publish","type":"product","link":"https:\/\/guitarmusichall.com.mx\/shop\/producto\/ehx-lizard-queen-octave-fuzz\/","title":{"rendered":"EHX LIZARD QUEEN OCTAVE FUZZ"},"content":{"rendered":"","protected":false},"excerpt":{"rendered":"<p><strong>DESCRIPCION DEL PRODUCTO<\/strong><\/p>\n<p>Pedal Electro-Harmonix Lizard Queen Octave Fuzz<\/p>\n<p><strong>NUMERO DE PRODUCTO<\/strong><\/p>\n<p>LIZARD<\/p>\n<p><strong>CARACTERISTICAS DEL PRODUCTO<\/strong><\/p>\n<p>Originalmente dise\u00f1ado por Josh Scott de JHS Pedals y el dise\u00f1ador gr\u00e1fico Daniel Danger como un homenaje a Electro-Harmonix en lo que Josh y Daniel consideran el apogeo del dise\u00f1o de la compa\u00f1\u00eda en la d\u00e9cada de 1970, el EHX Lizard Queen Octave Fuzz es una versi\u00f3n nanom\u00e9trica del pedal. tra\u00eddo a la vida por los ingenieros de Electro-Harmonix que tiene todos los tonos y vibraciones del dise\u00f1o del circuito original de Josh. El tono est\u00e1 inspirado en el pedigr\u00ed fuzz de EHX con un exclusivo circuito anal\u00f3gico de octava ascendente que tiene toda la vibra del dise\u00f1o original presentado por primera vez en el JHS Show en 2022. Esto crea un sonido fuzz EHX completamente nuevo y \u00fanico que nunca antes hab\u00edamos escuchado. Para contar a\u00fan m\u00e1s la historia, el pedal est\u00e1 adornado con gr\u00e1ficos antiguos inspirados en EHX dise\u00f1ados por Daniel.<\/p>\n<p>Circuito exclusivo de distorsi\u00f3n fuzz de octava basado en transistores dise\u00f1ado por Josh Scott<\/p>\n<p>* Octava combinable para marcar el caos de octava anal\u00f3gica<\/p>\n<p>* El control de balance se ajusta entre tonos sostenidos suaves y tonos fuzz \u00e1speros<\/p>\n<p>* Gr\u00e1fico Electro-Harmonix de los a\u00f1os 70 dise\u00f1ado por Daniel Danger<\/p>\n<p>* True Bypass<\/p>\n","protected":false},"featured_media":8484,"template":"","meta":{"site-sidebar-layout":"default","site-content-layout":"default","ast-site-content-layout":"default","site-content-style":"default","site-sidebar-style":"default","ast-global-header-display":"","ast-banner-title-visibility":"","ast-main-header-display":"","ast-hfb-above-header-display":"","ast-hfb-below-header-display":"","ast-hfb-mobile-header-display":"","site-post-title":"","ast-breadcrumbs-content":"","ast-featured-img":"","footer-sml-layout":"","ast-disable-related-posts":"","theme-transparent-header-meta":"default","adv-header-id-meta":"","stick-header-meta":"","header-above-stick-meta":"","header-main-stick-meta":"","header-below-stick-meta":"","astra-migrate-meta-layouts":"default","ast-page-background-enabled":"default","ast-page-background-meta":{"desktop":{"background-color":"","background-image":"","background-repeat":"repeat","background-position":"center center","background-size":"auto","background-attachment":"scroll","background-type":"","background-media":"","overlay-type":"","overlay-color":"","overlay-opacity":"","overlay-gradient":""},"tablet":{"background-color":"","background-image":"","background-repeat":"repeat","background-position":"center center","background-size":"auto","background-attachment":"scroll","background-type":"","background-media":"","overlay-type":"","overlay-color":"","overlay-opacity":"","overlay-gradient":""},"mobile":{"background-color":"","background-image":"","background-repeat":"repeat","background-position":"center center","background-size":"auto","background-attachment":"scroll","background-type":"","background-media":"","overlay-type":"","overlay-color":"","overlay-opacity":"","overlay-gradient":""}},"ast-content-background-meta":{"desktop":{"background-color":"var(--ast-global-color-5)","background-image":"","background-repeat":"repeat","background-position":"center center","background-size":"auto","background-attachment":"scroll","background-type":"","background-media":"","overlay-type":"","overlay-color":"","overlay-opacity":"","overlay-gradient":""},"tablet":{"background-color":"var(--ast-global-color-5)","background-image":"","background-repeat":"repeat","background-position":"center center","background-size":"auto","background-attachment":"scroll","background-type":"","background-media":"","overlay-type":"","overlay-color":"","overlay-opacity":"","overlay-gradient":""},"mobile":{"background-color":"var(--ast-global-color-5)","background-image":"","background-repeat":"repeat","background-position":"center center","background-size":"auto","background-attachment":"scroll","background-type":"","background-media":"","overlay-type":"","overlay-color":"","overlay-opacity":"","overlay-gradient":""}}},"product_brand":[],"product_cat":[36,153],"product_tag":[],"class_list":{"0":"post-8483","1":"product","2":"type-product","3":"status-publish","4":"has-post-thumbnail","6":"product_cat-electro-harmonix","7":"product_cat-electro-harmonix-guit","8":"desktop-align-left","9":"tablet-align-left","10":"mobile-align-left","12":"first","13":"instock","14":"shipping-taxable","15":"purchasable","16":"product-type-simple"},"jetpack_sharing_enabled":true,"_links":{"self":[{"href":"https:\/\/guitarmusichall.com.mx\/shop\/wp-json\/wp\/v2\/product\/8483","targetHints":{"allow":["GET"]}}],"collection":[{"href":"https:\/\/guitarmusichall.com.mx\/shop\/wp-json\/wp\/v2\/product"}],"about":[{"href":"https:\/\/guitarmusichall.com.mx\/shop\/wp-json\/wp\/v2\/types\/product"}],"wp:featuredmedia":[{"embeddable":true,"href":"https:\/\/guitarmusichall.com.mx\/shop\/wp-json\/wp\/v2\/media\/8484"}],"wp:attachment":[{"href":"https:\/\/guitarmusichall.com.mx\/shop\/wp-json\/wp\/v2\/media?parent=8483"}],"wp:term":[{"taxonomy":"product_brand","embeddable":true,"href":"https:\/\/guitarmusichall.com.mx\/shop\/wp-json\/wp\/v2\/product_brand?post=8483"},{"taxonomy":"product_cat","embeddable":true,"href":"https:\/\/guitarmusichall.com.mx\/shop\/wp-json\/wp\/v2\/product_cat?post=8483"},{"taxonomy":"product_tag","embeddable":true,"href":"https:\/\/guitarmusichall.com.mx\/shop\/wp-json\/wp\/v2\/product_tag?post=8483"}],"curies":[{"name":"wp","href":"https:\/\/api.w.org\/{rel}","templated":true}]}}