{"id":8653,"date":"2023-10-25T23:29:58","date_gmt":"2023-10-25T23:29:58","guid":{"rendered":"https:\/\/guitarmusichall.com.mx\/shop\/?post_type=product&#038;p=8653"},"modified":"2023-10-25T23:29:59","modified_gmt":"2023-10-25T23:29:59","slug":"ehx-pico-pog-poly-octave-generator","status":"publish","type":"product","link":"https:\/\/guitarmusichall.com.mx\/shop\/producto\/ehx-pico-pog-poly-octave-generator\/","title":{"rendered":"EHX PICO POG POLY OCTAVE GENERATOR"},"content":{"rendered":"","protected":false},"excerpt":{"rendered":"<p><strong>DESCRIPCION DEL PRODUCTO<\/strong><\/p>\n<p>Pedal Electro-Harmonix Pico Pog Polyphonic Octave Generator<\/p>\n<p><strong>NUMERO DE PRODUCTO<\/strong><\/p>\n<p>PICOPOG<\/p>\n<p><strong>CARACTERISTICAS DEL PRODUCTO<\/strong><\/p>\n<p>\u00a1El mejor pedal de octava de la m\u00fasica en un potente paquete pico!<br \/>\nEl generador de octavas polif\u00f3nico compacto m\u00e1s peque\u00f1o y potente de EHX hasta el momento. El Pico POG toma la simplicidad optimizada de los Micro y Nano POG y lo integra todo en un chasis ultracompacto y agrega un potente control de tono. El efecto de octava m\u00e1s ajustado ahora se adapta a las pedaleras m\u00e1s ajustadas.<\/p>\n<p>El EHX Pico POG presenta una sensaci\u00f3n incre\u00edblemente r\u00e1pida que rastrear\u00e1 cada nota y acorde que toque con precisi\u00f3n. Marque Sub Octave para agregar tropiezos o truenos monstruosos. A\u00f1ade Octave Up para obtener aire et\u00e9reo o maximizalo para convertirte en otra galaxia. Combina a la perfecci\u00f3n tonos de 3 voces para lograr una locura sintetizada y gorda. El control de tono de 3 modos te permite adaptar tu sonido para que quepa en cualquier bolsillo, sin importar cu\u00e1n grande o peque\u00f1o sea.<\/p>\n<p><span>*\u00a0Seguimiento ultrarr\u00e1pido con tonos de octava perfectamente precisos<br \/>\n<\/span><\/p>\n<p><span>* 3 perillas de volumen controlan el nivel de los tonos SUB OCTAVE, OCTAVE UP y DRY<br \/>\n<\/span><\/p>\n<p><span>* Perilla TONE con 3 modos de filtro<br \/>\n<\/span><\/p>\n<p><span>* Modo de tono aplicado &#8211; EQ de inclinaci\u00f3n a todas las salidas &#8211;<br \/>\nSe aplica el modo de paso bajo un filtro de paso bajo resonante, que permite que pasen las frecuencias bajas mientras corta las frecuencias m\u00e1s altas de las voces Sub y Octave Up. El<br \/>\nmodo de paso alto aplica un filtro de paso alto, que permite que pasen las frecuencias altas mientras corta las frecuencias m\u00e1s bajas de las voces Sub y Octave Up.<br \/>\n* Adaptador de corriente incluido<\/span><\/p>\n<p>&nbsp;<\/p>\n","protected":false},"featured_media":8654,"template":"","meta":{"site-sidebar-layout":"default","site-content-layout":"","ast-site-content-layout":"default","site-content-style":"default","site-sidebar-style":"default","ast-global-header-display":"","ast-banner-title-visibility":"","ast-main-header-display":"","ast-hfb-above-header-display":"","ast-hfb-below-header-display":"","ast-hfb-mobile-header-display":"","site-post-title":"","ast-breadcrumbs-content":"","ast-featured-img":"","footer-sml-layout":"","ast-disable-related-posts":"","theme-transparent-header-meta":"default","adv-header-id-meta":"","stick-header-meta":"","header-above-stick-meta":"","header-main-stick-meta":"","header-below-stick-meta":"","astra-migrate-meta-layouts":"set","ast-page-background-enabled":"default","ast-page-background-meta":{"desktop":{"background-color":"","background-image":"","background-repeat":"repeat","background-position":"center center","background-size":"auto","background-attachment":"scroll","background-type":"","background-media":"","overlay-type":"","overlay-color":"","overlay-opacity":"","overlay-gradient":""},"tablet":{"background-color":"","background-image":"","background-repeat":"repeat","background-position":"center center","background-size":"auto","background-attachment":"scroll","background-type":"","background-media":"","overlay-type":"","overlay-color":"","overlay-opacity":"","overlay-gradient":""},"mobile":{"background-color":"","background-image":"","background-repeat":"repeat","background-position":"center center","background-size":"auto","background-attachment":"scroll","background-type":"","background-media":"","overlay-type":"","overlay-color":"","overlay-opacity":"","overlay-gradient":""}},"ast-content-background-meta":{"desktop":{"background-color":"var(--ast-global-color-5)","background-image":"","background-repeat":"repeat","background-position":"center center","background-size":"auto","background-attachment":"scroll","background-type":"","background-media":"","overlay-type":"","overlay-color":"","overlay-opacity":"","overlay-gradient":""},"tablet":{"background-color":"var(--ast-global-color-5)","background-image":"","background-repeat":"repeat","background-position":"center center","background-size":"auto","background-attachment":"scroll","background-type":"","background-media":"","overlay-type":"","overlay-color":"","overlay-opacity":"","overlay-gradient":""},"mobile":{"background-color":"var(--ast-global-color-5)","background-image":"","background-repeat":"repeat","background-position":"center center","background-size":"auto","background-attachment":"scroll","background-type":"","background-media":"","overlay-type":"","overlay-color":"","overlay-opacity":"","overlay-gradient":""}}},"product_brand":[],"product_cat":[36,153],"product_tag":[],"class_list":{"0":"post-8653","1":"product","2":"type-product","3":"status-publish","4":"has-post-thumbnail","6":"product_cat-electro-harmonix","7":"product_cat-electro-harmonix-guit","8":"desktop-align-left","9":"tablet-align-left","10":"mobile-align-left","12":"first","13":"instock","14":"shipping-taxable","15":"purchasable","16":"product-type-simple"},"jetpack_sharing_enabled":true,"_links":{"self":[{"href":"https:\/\/guitarmusichall.com.mx\/shop\/wp-json\/wp\/v2\/product\/8653","targetHints":{"allow":["GET"]}}],"collection":[{"href":"https:\/\/guitarmusichall.com.mx\/shop\/wp-json\/wp\/v2\/product"}],"about":[{"href":"https:\/\/guitarmusichall.com.mx\/shop\/wp-json\/wp\/v2\/types\/product"}],"wp:featuredmedia":[{"embeddable":true,"href":"https:\/\/guitarmusichall.com.mx\/shop\/wp-json\/wp\/v2\/media\/8654"}],"wp:attachment":[{"href":"https:\/\/guitarmusichall.com.mx\/shop\/wp-json\/wp\/v2\/media?parent=8653"}],"wp:term":[{"taxonomy":"product_brand","embeddable":true,"href":"https:\/\/guitarmusichall.com.mx\/shop\/wp-json\/wp\/v2\/product_brand?post=8653"},{"taxonomy":"product_cat","embeddable":true,"href":"https:\/\/guitarmusichall.com.mx\/shop\/wp-json\/wp\/v2\/product_cat?post=8653"},{"taxonomy":"product_tag","embeddable":true,"href":"https:\/\/guitarmusichall.com.mx\/shop\/wp-json\/wp\/v2\/product_tag?post=8653"}],"curies":[{"name":"wp","href":"https:\/\/api.w.org\/{rel}","templated":true}]}}