{"id":9120,"date":"2024-10-23T23:31:05","date_gmt":"2024-10-23T23:31:05","guid":{"rendered":"https:\/\/guitarmusichall.com.mx\/shop\/?post_type=product&#038;p=9120"},"modified":"2025-12-30T06:57:37","modified_gmt":"2025-12-30T06:57:37","slug":"emg-set-james-hetfield-black-ch","status":"publish","type":"product","link":"https:\/\/guitarmusichall.com.mx\/shop\/producto\/emg-set-james-hetfield-black-ch\/","title":{"rendered":"EMG SET JAMES HETFIELD BLACK CH"},"content":{"rendered":"","protected":false},"excerpt":{"rendered":"<p><strong>DESCRIPCION DLE PRODUCTO<\/strong><\/p>\n<p>Set de Pastillas EMG James Hetfield Black Chrome<\/p>\n<p><strong>NUMERO DE PRODUCTO<\/strong><\/p>\n<p>JHSETBLACKCHROME<\/p>\n<p><strong>CARACTERISTICAS DEL PRODUCTO<\/strong><\/p>\n<p>A principios de 2009, James Hetfield se puso en contacto con el presidente de EMG Pickups, Rob Turner, y le plante\u00f3 un reto: crear un conjunto de aspecto \u00absigiloso\u00bb que capturara la claridad y la pegada de una pastilla pasiva y que a\u00fan conservara el legendario sonido activo que molde\u00f3 a una generaci\u00f3n.<\/p>\n<p>Ahora disponible en acabados EMG Metal Works y componentes del sistema de instalaci\u00f3n sin soldadura de EMG, el conjunto JH consta de la JH-N (m\u00e1stil) y la JH-B (puente). Ambos se basaron en las pastillas que James hab\u00eda utilizado durante 30 a\u00f1os, pero el resultado final fue algo completamente diferente. La JH-N tiene polos y bobinas de cer\u00e1mica individuales que presentan un n\u00facleo m\u00e1s grande y son m\u00e1s altos que el 60. Esto produce m\u00e1s ataque, mayor salida y graves m\u00e1s completos en la posici\u00f3n del m\u00e1stil. La JH-B utiliza el mismo tipo de n\u00facleo pero tiene piezas polares de acero, a diferencia del 81 que utiliza imanes de barra. Esto produce el ataque ajustado familiar con menos inductancia para unos graves m\u00e1s limpios.<\/p>\n<p>Metal Works consta de seis opciones de tapas de acero inoxidable para cualquiera de las pastillas humbucker activas o pasivas de EMG. Estas tapas fabricadas en EE. UU. est\u00e1n disponibles en oro, cromo, oro cepillado, cromo cepillado y cromo negro cepillado. Estos nuevos y llamativos dise\u00f1os ofrecen a los m\u00fasicos y constructores de instrumentos una gama m\u00e1s amplia de opciones de tapas de primera calidad. Toda la potencia y claridad de la electr\u00f3nica EMG, ahora con un aspecto cl\u00e1sico moderno.<\/p>\n<p>El paquete incluye el sistema de instalaci\u00f3n sin soldadura exclusivo de EMG:<\/p>\n<p>2 potenci\u00f3metros de volumen de 25k<br \/>\n2 potenci\u00f3metros de tono de 25k<br \/>\n1 bus de bater\u00eda<br \/>\n1 conector de salida est\u00e9reo<br \/>\n1 bus de entrada\/salida de dos pastillas<br \/>\n2 pares de tornillos de montaje y resortes<br \/>\n2 cables de pastilla<br \/>\n4 cables de conexi\u00f3n<br \/>\n1 cable de salida<br \/>\n1 cable de bater\u00eda<\/p>\n","protected":false},"featured_media":9121,"template":"","meta":{"site-sidebar-layout":"default","site-content-layout":"","ast-site-content-layout":"default","site-content-style":"default","site-sidebar-style":"default","ast-global-header-display":"","ast-banner-title-visibility":"","ast-main-header-display":"","ast-hfb-above-header-display":"","ast-hfb-below-header-display":"","ast-hfb-mobile-header-display":"","site-post-title":"","ast-breadcrumbs-content":"","ast-featured-img":"","footer-sml-layout":"","ast-disable-related-posts":"","theme-transparent-header-meta":"default","adv-header-id-meta":"","stick-header-meta":"","header-above-stick-meta":"","header-main-stick-meta":"","header-below-stick-meta":"","astra-migrate-meta-layouts":"set","ast-page-background-enabled":"default","ast-page-background-meta":{"desktop":{"background-color":"","background-image":"","background-repeat":"repeat","background-position":"center center","background-size":"auto","background-attachment":"scroll","background-type":"","background-media":"","overlay-type":"","overlay-color":"","overlay-opacity":"","overlay-gradient":""},"tablet":{"background-color":"","background-image":"","background-repeat":"repeat","background-position":"center center","background-size":"auto","background-attachment":"scroll","background-type":"","background-media":"","overlay-type":"","overlay-color":"","overlay-opacity":"","overlay-gradient":""},"mobile":{"background-color":"","background-image":"","background-repeat":"repeat","background-position":"center center","background-size":"auto","background-attachment":"scroll","background-type":"","background-media":"","overlay-type":"","overlay-color":"","overlay-opacity":"","overlay-gradient":""}},"ast-content-background-meta":{"desktop":{"background-color":"var(--ast-global-color-5)","background-image":"","background-repeat":"repeat","background-position":"center center","background-size":"auto","background-attachment":"scroll","background-type":"","background-media":"","overlay-type":"","overlay-color":"","overlay-opacity":"","overlay-gradient":""},"tablet":{"background-color":"var(--ast-global-color-5)","background-image":"","background-repeat":"repeat","background-position":"center center","background-size":"auto","background-attachment":"scroll","background-type":"","background-media":"","overlay-type":"","overlay-color":"","overlay-opacity":"","overlay-gradient":""},"mobile":{"background-color":"var(--ast-global-color-5)","background-image":"","background-repeat":"repeat","background-position":"center center","background-size":"auto","background-attachment":"scroll","background-type":"","background-media":"","overlay-type":"","overlay-color":"","overlay-opacity":"","overlay-gradient":""}}},"product_brand":[],"product_cat":[39,251],"product_tag":[],"class_list":{"0":"post-9120","1":"product","2":"type-product","3":"status-publish","4":"has-post-thumbnail","6":"product_cat-emg","7":"product_cat-emg-electrica","8":"desktop-align-left","9":"tablet-align-left","10":"mobile-align-left","12":"first","13":"outofstock","14":"shipping-taxable","15":"purchasable","16":"product-type-simple"},"jetpack_sharing_enabled":true,"_links":{"self":[{"href":"https:\/\/guitarmusichall.com.mx\/shop\/wp-json\/wp\/v2\/product\/9120","targetHints":{"allow":["GET"]}}],"collection":[{"href":"https:\/\/guitarmusichall.com.mx\/shop\/wp-json\/wp\/v2\/product"}],"about":[{"href":"https:\/\/guitarmusichall.com.mx\/shop\/wp-json\/wp\/v2\/types\/product"}],"wp:featuredmedia":[{"embeddable":true,"href":"https:\/\/guitarmusichall.com.mx\/shop\/wp-json\/wp\/v2\/media\/9121"}],"wp:attachment":[{"href":"https:\/\/guitarmusichall.com.mx\/shop\/wp-json\/wp\/v2\/media?parent=9120"}],"wp:term":[{"taxonomy":"product_brand","embeddable":true,"href":"https:\/\/guitarmusichall.com.mx\/shop\/wp-json\/wp\/v2\/product_brand?post=9120"},{"taxonomy":"product_cat","embeddable":true,"href":"https:\/\/guitarmusichall.com.mx\/shop\/wp-json\/wp\/v2\/product_cat?post=9120"},{"taxonomy":"product_tag","embeddable":true,"href":"https:\/\/guitarmusichall.com.mx\/shop\/wp-json\/wp\/v2\/product_tag?post=9120"}],"curies":[{"name":"wp","href":"https:\/\/api.w.org\/{rel}","templated":true}]}}