{"id":9154,"date":"2024-10-25T00:41:05","date_gmt":"2024-10-25T00:41:05","guid":{"rendered":"https:\/\/guitarmusichall.com.mx\/shop\/?post_type=product&#038;p=9154"},"modified":"2024-11-07T18:24:48","modified_gmt":"2024-11-07T18:24:48","slug":"emg-81x-chrome","status":"publish","type":"product","link":"https:\/\/guitarmusichall.com.mx\/shop\/producto\/emg-81x-chrome\/","title":{"rendered":"EMG 81X CHROME"},"content":{"rendered":"","protected":false},"excerpt":{"rendered":"<p><strong>DESCRIPCION DEL PRODUCTO<\/strong><\/p>\n<p>Pastilla EMG 81X Chrome<\/p>\n<p><strong>NUMERO DE PRODUCTO<\/strong><\/p>\n<p>81XCHROME<\/p>\n<p><strong>CARACTERISTICAS DEL PRODUCTO<\/strong><\/p>\n<p>Con el control din\u00e1mico adicional del preamplificador de la serie X, el 81X lleva al cl\u00e1sico 81 a un nuevo nivel de sonido. Utilizando potentes imanes de cer\u00e1mica y acero y bobinas de apertura cerrada, el sonido fue dise\u00f1ado con una intensidad detallada, cantidades incre\u00edbles de corte de agudos y un sustain fluido.<\/p>\n<p>Tradicionalmente utilizada en la posici\u00f3n del puente de tu guitarra, esta pastilla humbucker har\u00e1 que tus leads corten incluso la mezcla m\u00e1s densa. Cuando se usa tanto en la posici\u00f3n del m\u00e1stil como en la del puente, el sonido solo puede describirse como abrasador. Otras combinaciones recomendadas incluyen la configuraci\u00f3n cl\u00e1sica 81X\/85X y el vers\u00e1til combo 81X\/60X. La instalaci\u00f3n sin soldadura de EMG hace que cambiar las pastillas de tu guitarra sea m\u00e1s f\u00e1cil que nunca.<\/p>\n<p>El preamplificador de la serie X le da a la pastilla un rango m\u00e1s din\u00e1mico junto con un mayor margen din\u00e1mico mientras mantiene el equilibrio m\u00e1s tradicional de cuerda a cuerda. Las pastillas de la serie X tambi\u00e9n vienen con un control de tono activo (VLPF) dise\u00f1ado para reducir (atenuar) las frecuencias altas, similar a un control de tono pasivo t\u00edpico. El resultado es una pastilla de guitarra silenciosa con un sonido EMG cl\u00e1sico que cierra la brecha entre la pastilla activa y la pasiva.<\/p>\n<p>Nota del fabricante: Aseg\u00farate de consultar las instrucciones para conocer las medidas de las pastillas antes de comprar para comparar las pastillas que tienes actualmente con los modelos EMG.<\/p>\n<p>El paquete incluye el sistema de instalaci\u00f3n sin soldadura exclusivo de EMG:<\/p>\n<p>1 potenci\u00f3metro de volumen de 25k<br \/>\n1 potenci\u00f3metro de tono activo (VLPF)<br \/>\n1 bus de bater\u00eda<br \/>\n1 conector de salida est\u00e9reo<br \/>\n1 bus de entrada\/salida de dos pastillas<br \/>\n1 par de tornillos de montaje y resortes<br \/>\n1 cable de pastilla<br \/>\n2 cables de conexi\u00f3n<br \/>\n1 cable de salida<br \/>\n1 cable de bater\u00eda<\/p>\n","protected":false},"featured_media":9155,"template":"","meta":{"site-sidebar-layout":"default","site-content-layout":"","ast-site-content-layout":"default","site-content-style":"default","site-sidebar-style":"default","ast-global-header-display":"","ast-banner-title-visibility":"","ast-main-header-display":"","ast-hfb-above-header-display":"","ast-hfb-below-header-display":"","ast-hfb-mobile-header-display":"","site-post-title":"","ast-breadcrumbs-content":"","ast-featured-img":"","footer-sml-layout":"","ast-disable-related-posts":"","theme-transparent-header-meta":"default","adv-header-id-meta":"","stick-header-meta":"","header-above-stick-meta":"","header-main-stick-meta":"","header-below-stick-meta":"","astra-migrate-meta-layouts":"set","ast-page-background-enabled":"default","ast-page-background-meta":{"desktop":{"background-color":"","background-image":"","background-repeat":"repeat","background-position":"center center","background-size":"auto","background-attachment":"scroll","background-type":"","background-media":"","overlay-type":"","overlay-color":"","overlay-opacity":"","overlay-gradient":""},"tablet":{"background-color":"","background-image":"","background-repeat":"repeat","background-position":"center center","background-size":"auto","background-attachment":"scroll","background-type":"","background-media":"","overlay-type":"","overlay-color":"","overlay-opacity":"","overlay-gradient":""},"mobile":{"background-color":"","background-image":"","background-repeat":"repeat","background-position":"center center","background-size":"auto","background-attachment":"scroll","background-type":"","background-media":"","overlay-type":"","overlay-color":"","overlay-opacity":"","overlay-gradient":""}},"ast-content-background-meta":{"desktop":{"background-color":"var(--ast-global-color-5)","background-image":"","background-repeat":"repeat","background-position":"center center","background-size":"auto","background-attachment":"scroll","background-type":"","background-media":"","overlay-type":"","overlay-color":"","overlay-opacity":"","overlay-gradient":""},"tablet":{"background-color":"var(--ast-global-color-5)","background-image":"","background-repeat":"repeat","background-position":"center center","background-size":"auto","background-attachment":"scroll","background-type":"","background-media":"","overlay-type":"","overlay-color":"","overlay-opacity":"","overlay-gradient":""},"mobile":{"background-color":"var(--ast-global-color-5)","background-image":"","background-repeat":"repeat","background-position":"center center","background-size":"auto","background-attachment":"scroll","background-type":"","background-media":"","overlay-type":"","overlay-color":"","overlay-opacity":"","overlay-gradient":""}}},"product_brand":[],"product_cat":[39,251],"product_tag":[],"class_list":{"0":"post-9154","1":"product","2":"type-product","3":"status-publish","4":"has-post-thumbnail","6":"product_cat-emg","7":"product_cat-emg-electrica","8":"desktop-align-left","9":"tablet-align-left","10":"mobile-align-left","12":"first","13":"instock","14":"shipping-taxable","15":"purchasable","16":"product-type-simple"},"jetpack_sharing_enabled":true,"_links":{"self":[{"href":"https:\/\/guitarmusichall.com.mx\/shop\/wp-json\/wp\/v2\/product\/9154","targetHints":{"allow":["GET"]}}],"collection":[{"href":"https:\/\/guitarmusichall.com.mx\/shop\/wp-json\/wp\/v2\/product"}],"about":[{"href":"https:\/\/guitarmusichall.com.mx\/shop\/wp-json\/wp\/v2\/types\/product"}],"wp:featuredmedia":[{"embeddable":true,"href":"https:\/\/guitarmusichall.com.mx\/shop\/wp-json\/wp\/v2\/media\/9155"}],"wp:attachment":[{"href":"https:\/\/guitarmusichall.com.mx\/shop\/wp-json\/wp\/v2\/media?parent=9154"}],"wp:term":[{"taxonomy":"product_brand","embeddable":true,"href":"https:\/\/guitarmusichall.com.mx\/shop\/wp-json\/wp\/v2\/product_brand?post=9154"},{"taxonomy":"product_cat","embeddable":true,"href":"https:\/\/guitarmusichall.com.mx\/shop\/wp-json\/wp\/v2\/product_cat?post=9154"},{"taxonomy":"product_tag","embeddable":true,"href":"https:\/\/guitarmusichall.com.mx\/shop\/wp-json\/wp\/v2\/product_tag?post=9154"}],"curies":[{"name":"wp","href":"https:\/\/api.w.org\/{rel}","templated":true}]}}