{"id":9341,"date":"2024-11-07T21:26:01","date_gmt":"2024-11-07T21:26:01","guid":{"rendered":"https:\/\/guitarmusichall.com.mx\/shop\/?post_type=product&#038;p=9341"},"modified":"2024-11-07T21:28:29","modified_gmt":"2024-11-07T21:28:29","slug":"afinador-boss-tu-10-bk","status":"publish","type":"product","link":"https:\/\/guitarmusichall.com.mx\/shop\/producto\/afinador-boss-tu-10-bk\/","title":{"rendered":"AFINADOR BOSS TU-10-BK"},"content":{"rendered":"","protected":false},"excerpt":{"rendered":"<p><strong>DESCRIPCION DEL PRODUCTO<\/strong><\/p>\n<p>Afinador Boss Tu-10<\/p>\n<p><strong>NUMERO DE PRODUCTO<\/strong><\/p>\n<p>TU-10-BK<\/p>\n<p><strong>CARACTERISTICAS DEL PRODUCTO<\/strong><\/p>\n<p>La l\u00ednea \u201cTU\u201d de BOSS es sin\u00f3nimo de afinaci\u00f3n confiable y regia, digna de la gira. Al d\u00eda de hoy el afinador mas famoso se abrocha una \u201cPinza\u201d con el debut del TU-10. Reinventando la tradicional imagen de los afinadores en-pinza, el TU-10 ofrece un dise\u00f1o estilizado y cuerpo robusto, con funciones de alto desempe\u00f1o, derivadas de otros afinadores BOSS, tales como Accu-Pitch, flat tuning hasta cinco semitonos, y Stream mode. Una funci\u00f3n peculiar \u2014 el \u201ctrue color\u201d LCD \u2014 provee una experiencia visual total multi-color, nunca antes vista en otros afinadores en-pinza. En adici\u00f3n a esto, la funci\u00f3n \u201creflection-display\u201d dram\u00e1ticamente mejora la visibilidad.<\/p>\n<p>Rango de sintonizaci\u00f3nDo0 (16,35 Hz) a Do8 (4186 Hz)Tono de referenciaA4 (436 a 445 Hz)Precisi\u00f3n de afinaci\u00f3n+\/- 1 centavoModo de visualizaci\u00f3nPantalla de centavos, pantalla de flujoAfinaci\u00f3n planaRegular a 5 semitonos m\u00e1s bajosFuente de alimentaci\u00f3nPila de litio CR2032 x 1Consumo de corrienteModo de visualizaci\u00f3n en color: 12 mA<br \/>\nModo de visualizaci\u00f3n monocrom\u00e1tica: 4 mADuraci\u00f3n esperada de la bater\u00eda con uso continuoModo de visualizaci\u00f3n en color: Aproximadamente 12 horas<br \/>\nModo de visualizaci\u00f3n monocrom\u00e1tico: Aproximadamente 24 horas<\/p>\n<p>*Esta cifra variar\u00e1 dependiendo de las condiciones reales de uso.<\/p>\n","protected":false},"featured_media":9342,"template":"","meta":{"site-sidebar-layout":"default","site-content-layout":"","ast-site-content-layout":"default","site-content-style":"default","site-sidebar-style":"default","ast-global-header-display":"","ast-banner-title-visibility":"","ast-main-header-display":"","ast-hfb-above-header-display":"","ast-hfb-below-header-display":"","ast-hfb-mobile-header-display":"","site-post-title":"","ast-breadcrumbs-content":"","ast-featured-img":"","footer-sml-layout":"","ast-disable-related-posts":"","theme-transparent-header-meta":"default","adv-header-id-meta":"","stick-header-meta":"","header-above-stick-meta":"","header-main-stick-meta":"","header-below-stick-meta":"","astra-migrate-meta-layouts":"set","ast-page-background-enabled":"default","ast-page-background-meta":{"desktop":{"background-color":"","background-image":"","background-repeat":"repeat","background-position":"center center","background-size":"auto","background-attachment":"scroll","background-type":"","background-media":"","overlay-type":"","overlay-color":"","overlay-opacity":"","overlay-gradient":""},"tablet":{"background-color":"","background-image":"","background-repeat":"repeat","background-position":"center center","background-size":"auto","background-attachment":"scroll","background-type":"","background-media":"","overlay-type":"","overlay-color":"","overlay-opacity":"","overlay-gradient":""},"mobile":{"background-color":"","background-image":"","background-repeat":"repeat","background-position":"center center","background-size":"auto","background-attachment":"scroll","background-type":"","background-media":"","overlay-type":"","overlay-color":"","overlay-opacity":"","overlay-gradient":""}},"ast-content-background-meta":{"desktop":{"background-color":"var(--ast-global-color-5)","background-image":"","background-repeat":"repeat","background-position":"center center","background-size":"auto","background-attachment":"scroll","background-type":"","background-media":"","overlay-type":"","overlay-color":"","overlay-opacity":"","overlay-gradient":""},"tablet":{"background-color":"var(--ast-global-color-5)","background-image":"","background-repeat":"repeat","background-position":"center center","background-size":"auto","background-attachment":"scroll","background-type":"","background-media":"","overlay-type":"","overlay-color":"","overlay-opacity":"","overlay-gradient":""},"mobile":{"background-color":"var(--ast-global-color-5)","background-image":"","background-repeat":"repeat","background-position":"center center","background-size":"auto","background-attachment":"scroll","background-type":"","background-media":"","overlay-type":"","overlay-color":"","overlay-opacity":"","overlay-gradient":""}}},"product_brand":[],"product_cat":[250],"product_tag":[],"class_list":{"0":"post-9341","1":"product","2":"type-product","3":"status-publish","4":"has-post-thumbnail","6":"product_cat-afinadores-y-metronomos","7":"desktop-align-left","8":"tablet-align-left","9":"mobile-align-left","11":"first","12":"instock","13":"shipping-taxable","14":"purchasable","15":"product-type-simple"},"jetpack_sharing_enabled":true,"_links":{"self":[{"href":"https:\/\/guitarmusichall.com.mx\/shop\/wp-json\/wp\/v2\/product\/9341","targetHints":{"allow":["GET"]}}],"collection":[{"href":"https:\/\/guitarmusichall.com.mx\/shop\/wp-json\/wp\/v2\/product"}],"about":[{"href":"https:\/\/guitarmusichall.com.mx\/shop\/wp-json\/wp\/v2\/types\/product"}],"wp:featuredmedia":[{"embeddable":true,"href":"https:\/\/guitarmusichall.com.mx\/shop\/wp-json\/wp\/v2\/media\/9342"}],"wp:attachment":[{"href":"https:\/\/guitarmusichall.com.mx\/shop\/wp-json\/wp\/v2\/media?parent=9341"}],"wp:term":[{"taxonomy":"product_brand","embeddable":true,"href":"https:\/\/guitarmusichall.com.mx\/shop\/wp-json\/wp\/v2\/product_brand?post=9341"},{"taxonomy":"product_cat","embeddable":true,"href":"https:\/\/guitarmusichall.com.mx\/shop\/wp-json\/wp\/v2\/product_cat?post=9341"},{"taxonomy":"product_tag","embeddable":true,"href":"https:\/\/guitarmusichall.com.mx\/shop\/wp-json\/wp\/v2\/product_tag?post=9341"}],"curies":[{"name":"wp","href":"https:\/\/api.w.org\/{rel}","templated":true}]}}