{"id":9615,"date":"2024-12-30T02:22:12","date_gmt":"2024-12-30T02:22:12","guid":{"rendered":"https:\/\/guitarmusichall.com.mx\/shop\/?post_type=product&#038;p=9615"},"modified":"2025-12-12T18:36:13","modified_gmt":"2025-12-12T18:36:13","slug":"fender-bassman-compressor","status":"publish","type":"product","link":"https:\/\/guitarmusichall.com.mx\/shop\/producto\/fender-bassman-compressor\/","title":{"rendered":"FENDER BASSMAN COMPRESSOR"},"content":{"rendered":"","protected":false},"excerpt":{"rendered":"<p><strong>DESCRIPCION DEL PRODUCTO<\/strong><\/p>\n<p>Pedal Fender Bassman Compressor<\/p>\n<p><strong>NUMERO DE PRODUCTO<\/strong><\/p>\n<p>0234614000<\/p>\n<p><strong>CARACTERISTICAS DEL PRODUCTO<\/strong><\/p>\n<p>Los pedales Bassman\u00ae cubren todas tus necesidades de bajos. Inspir\u00e1ndose en la l\u00ednea de amplificadores de v\u00e1lvulas original que abri\u00f3 el camino al procesamiento de se\u00f1ales subs\u00f3nicas de Fender, la l\u00ednea de pedales Bassman incluye una colecci\u00f3n de circuitos anal\u00f3gicos y digitales meticulosamente dise\u00f1ados, todos seleccionados desde cero para una expansi\u00f3n tonal centrada en los bajos.<\/p>\n<p>El Bassman Compressor es un compresor profesional sin complicaciones dise\u00f1ado espec\u00edficamente para bajos y que se centra en la facilidad de uso y en un gran sonido. Debajo de su sencillo conjunto de controles, este pedal compacto emplea una compresi\u00f3n RMS suave, el mismo circuito de compresi\u00f3n que se utiliza en los compresores de rack de estudio m\u00e1s destacados. Los interruptores de relaci\u00f3n y liberaci\u00f3n ofrecen dos ajustes preestablecidos meticulosamente ajustados para sacar el m\u00e1ximo partido a tu bajo con el m\u00ednimo estr\u00e9s, mientras que el resto de los ajustes de compresi\u00f3n se manejan mediante los sencillos controles de nivel y compresi\u00f3n.<\/p>\n<p>La compresi\u00f3n RMS de estilo de estudio se combina con una interfaz sencilla en un formato compatible con pedaleras<br \/>\nSelecciona entre dos configuraciones de proporci\u00f3n ajustadas para una compresi\u00f3n ligera o una limitaci\u00f3n suave<br \/>\nLos controles internos de ataque y liberaci\u00f3n permiten un ajuste preciso para adaptarse a tu estilo de toque.<br \/>\nRelay true bypass de toque suave con bypass autom\u00e1tico cuando no hay alimentaci\u00f3n<br \/>\nInterruptor de pad montado en el lateral para bajos activos<br \/>\nTomas montadas en la parte superior y carcasa de aluminio.<\/p>\n","protected":false},"featured_media":9622,"template":"","meta":{"site-sidebar-layout":"default","site-content-layout":"","ast-site-content-layout":"default","site-content-style":"default","site-sidebar-style":"default","ast-global-header-display":"","ast-banner-title-visibility":"","ast-main-header-display":"","ast-hfb-above-header-display":"","ast-hfb-below-header-display":"","ast-hfb-mobile-header-display":"","site-post-title":"","ast-breadcrumbs-content":"","ast-featured-img":"","footer-sml-layout":"","ast-disable-related-posts":"","theme-transparent-header-meta":"default","adv-header-id-meta":"","stick-header-meta":"","header-above-stick-meta":"","header-main-stick-meta":"","header-below-stick-meta":"","astra-migrate-meta-layouts":"set","ast-page-background-enabled":"default","ast-page-background-meta":{"desktop":{"background-color":"","background-image":"","background-repeat":"repeat","background-position":"center center","background-size":"auto","background-attachment":"scroll","background-type":"","background-media":"","overlay-type":"","overlay-color":"","overlay-opacity":"","overlay-gradient":""},"tablet":{"background-color":"","background-image":"","background-repeat":"repeat","background-position":"center center","background-size":"auto","background-attachment":"scroll","background-type":"","background-media":"","overlay-type":"","overlay-color":"","overlay-opacity":"","overlay-gradient":""},"mobile":{"background-color":"","background-image":"","background-repeat":"repeat","background-position":"center center","background-size":"auto","background-attachment":"scroll","background-type":"","background-media":"","overlay-type":"","overlay-color":"","overlay-opacity":"","overlay-gradient":""}},"ast-content-background-meta":{"desktop":{"background-color":"var(--ast-global-color-5)","background-image":"","background-repeat":"repeat","background-position":"center center","background-size":"auto","background-attachment":"scroll","background-type":"","background-media":"","overlay-type":"","overlay-color":"","overlay-opacity":"","overlay-gradient":""},"tablet":{"background-color":"var(--ast-global-color-5)","background-image":"","background-repeat":"repeat","background-position":"center center","background-size":"auto","background-attachment":"scroll","background-type":"","background-media":"","overlay-type":"","overlay-color":"","overlay-opacity":"","overlay-gradient":""},"mobile":{"background-color":"var(--ast-global-color-5)","background-image":"","background-repeat":"repeat","background-position":"center center","background-size":"auto","background-attachment":"scroll","background-type":"","background-media":"","overlay-type":"","overlay-color":"","overlay-opacity":"","overlay-gradient":""}}},"product_brand":[],"product_cat":[38,165],"product_tag":[],"class_list":{"0":"post-9615","1":"product","2":"type-product","3":"status-publish","4":"has-post-thumbnail","6":"product_cat-fender","7":"product_cat-fender-bajo","8":"desktop-align-left","9":"tablet-align-left","10":"mobile-align-left","12":"first","13":"outofstock","14":"shipping-taxable","15":"purchasable","16":"product-type-simple"},"jetpack_sharing_enabled":true,"_links":{"self":[{"href":"https:\/\/guitarmusichall.com.mx\/shop\/wp-json\/wp\/v2\/product\/9615","targetHints":{"allow":["GET"]}}],"collection":[{"href":"https:\/\/guitarmusichall.com.mx\/shop\/wp-json\/wp\/v2\/product"}],"about":[{"href":"https:\/\/guitarmusichall.com.mx\/shop\/wp-json\/wp\/v2\/types\/product"}],"wp:featuredmedia":[{"embeddable":true,"href":"https:\/\/guitarmusichall.com.mx\/shop\/wp-json\/wp\/v2\/media\/9622"}],"wp:attachment":[{"href":"https:\/\/guitarmusichall.com.mx\/shop\/wp-json\/wp\/v2\/media?parent=9615"}],"wp:term":[{"taxonomy":"product_brand","embeddable":true,"href":"https:\/\/guitarmusichall.com.mx\/shop\/wp-json\/wp\/v2\/product_brand?post=9615"},{"taxonomy":"product_cat","embeddable":true,"href":"https:\/\/guitarmusichall.com.mx\/shop\/wp-json\/wp\/v2\/product_cat?post=9615"},{"taxonomy":"product_tag","embeddable":true,"href":"https:\/\/guitarmusichall.com.mx\/shop\/wp-json\/wp\/v2\/product_tag?post=9615"}],"curies":[{"name":"wp","href":"https:\/\/api.w.org\/{rel}","templated":true}]}}