{"id":9802,"date":"2025-06-20T00:24:43","date_gmt":"2025-06-20T00:24:43","guid":{"rendered":"https:\/\/guitarmusichall.com.mx\/shop\/?post_type=product&#038;p=9802"},"modified":"2025-06-20T00:32:18","modified_gmt":"2025-06-20T00:32:18","slug":"ehx-pog-3-polyphonic-octave","status":"publish","type":"product","link":"https:\/\/guitarmusichall.com.mx\/shop\/producto\/ehx-pog-3-polyphonic-octave\/","title":{"rendered":"EHX POG 3 POLYPHONIC OCTAVE"},"content":{"rendered":"","protected":false},"excerpt":{"rendered":"<p><strong>DESCRIPCION DEL PRODUCTO<\/strong><\/p>\n<p>Pedal Electro-Harmonix Pog 3 Polyphonic Octave<\/p>\n<p><strong>NUMERO DE PRODUCTO<\/strong><\/p>\n<p>POG3<\/p>\n<p><strong>CARACTERISTICAS DEL PRODUCTO<\/strong><\/p>\n<p>El mejor efecto de octava del mundo ahora es a\u00fan mejor! El POG3 es el pedal m\u00e1s potente de la prestigiosa l\u00ednea de generadores de octava polif\u00f3nicos de Electro-Harmonix, que sigue inspirando y cautivando a m\u00fasicos de todos los estilos. En esencia, el POG3 ofrece un seguimiento ultrarr\u00e1pido y una polifon\u00eda perfecta en 4 octavas, con un tono y un rendimiento m\u00e1s suaves que nunca. Desde sonidos de 12 cuerdas hasta sonidos de \u00f3rgano de barras de 6 voces, el POG3 ofrece infinitas posibilidades de creaci\u00f3n de tonos. El pedal ha recibido numerosas actualizaciones que ampl\u00edan a\u00fan m\u00e1s sus posibilidades de modelado de tono para mejorar tu interpretaci\u00f3n en el escenario y en el estudio.<\/p>\n<p>\u2022 Seis voces independientes: DRY, -2 OCT, -1 OCT, +5TH, +1 OCT, +2OCT<br \/>\n\u2022 100 preajustes<br \/>\n\u2022 Tres salidas independientes de 1\/4&#8243;: IZQUIERDA, DERECHA, SALIDA DIRECTA<br \/>\n\u2022 Controles de panorama individuales para separar las voces entre los conectores de salida IZQUIERDA y DERECHA<br \/>\n\u2022 Controles POG y POG2 ATTACK, FILTER y DETUNE cl\u00e1sicos mejorados<br \/>\n\u2022 Control de GANANCIA DE ENTRADA<br \/>\n\u2022 Control de VOLUMEN MAESTRO<br \/>\n\u2022 Control de ENFOQUE para +1 OCT y +2 OCT<br \/>\n\u2022 Filtro multimodo con barrido Q y envolvente<br \/>\n\u2022 Todos los controles se pueden guardar en preajustes y controlar mediante expresi\u00f3n o MIDI<br \/>\n\u2022 Botones y potenci\u00f3metros deslizantes iluminados<br \/>\n\u2022 Pantalla gr\u00e1fica OLED de alta visibilidad<br \/>\n\u2022 Vistas de \u00abinicio\u00bb seleccionables para experiencias de usuario personalizadas<br \/>\n\u2022 Sistema de men\u00fa de f\u00e1cil navegaci\u00f3n<\/p>\n<p>&nbsp;<\/p>\n","protected":false},"featured_media":9803,"template":"","meta":{"site-sidebar-layout":"default","site-content-layout":"","ast-site-content-layout":"default","site-content-style":"default","site-sidebar-style":"default","ast-global-header-display":"","ast-banner-title-visibility":"","ast-main-header-display":"","ast-hfb-above-header-display":"","ast-hfb-below-header-display":"","ast-hfb-mobile-header-display":"","site-post-title":"","ast-breadcrumbs-content":"","ast-featured-img":"","footer-sml-layout":"","ast-disable-related-posts":"","theme-transparent-header-meta":"default","adv-header-id-meta":"","stick-header-meta":"","header-above-stick-meta":"","header-main-stick-meta":"","header-below-stick-meta":"","astra-migrate-meta-layouts":"set","ast-page-background-enabled":"default","ast-page-background-meta":{"desktop":{"background-color":"","background-image":"","background-repeat":"repeat","background-position":"center center","background-size":"auto","background-attachment":"scroll","background-type":"","background-media":"","overlay-type":"","overlay-color":"","overlay-opacity":"","overlay-gradient":""},"tablet":{"background-color":"","background-image":"","background-repeat":"repeat","background-position":"center center","background-size":"auto","background-attachment":"scroll","background-type":"","background-media":"","overlay-type":"","overlay-color":"","overlay-opacity":"","overlay-gradient":""},"mobile":{"background-color":"","background-image":"","background-repeat":"repeat","background-position":"center center","background-size":"auto","background-attachment":"scroll","background-type":"","background-media":"","overlay-type":"","overlay-color":"","overlay-opacity":"","overlay-gradient":""}},"ast-content-background-meta":{"desktop":{"background-color":"var(--ast-global-color-5)","background-image":"","background-repeat":"repeat","background-position":"center center","background-size":"auto","background-attachment":"scroll","background-type":"","background-media":"","overlay-type":"","overlay-color":"","overlay-opacity":"","overlay-gradient":""},"tablet":{"background-color":"var(--ast-global-color-5)","background-image":"","background-repeat":"repeat","background-position":"center center","background-size":"auto","background-attachment":"scroll","background-type":"","background-media":"","overlay-type":"","overlay-color":"","overlay-opacity":"","overlay-gradient":""},"mobile":{"background-color":"var(--ast-global-color-5)","background-image":"","background-repeat":"repeat","background-position":"center center","background-size":"auto","background-attachment":"scroll","background-type":"","background-media":"","overlay-type":"","overlay-color":"","overlay-opacity":"","overlay-gradient":""}}},"product_brand":[],"product_cat":[36,153],"product_tag":[],"class_list":{"0":"post-9802","1":"product","2":"type-product","3":"status-publish","4":"has-post-thumbnail","6":"product_cat-electro-harmonix","7":"product_cat-electro-harmonix-guit","8":"product_shipping_class-producto-extra-grande","9":"desktop-align-left","10":"tablet-align-left","11":"mobile-align-left","13":"first","14":"instock","15":"shipping-taxable","16":"purchasable","17":"product-type-simple"},"jetpack_sharing_enabled":true,"_links":{"self":[{"href":"https:\/\/guitarmusichall.com.mx\/shop\/wp-json\/wp\/v2\/product\/9802","targetHints":{"allow":["GET"]}}],"collection":[{"href":"https:\/\/guitarmusichall.com.mx\/shop\/wp-json\/wp\/v2\/product"}],"about":[{"href":"https:\/\/guitarmusichall.com.mx\/shop\/wp-json\/wp\/v2\/types\/product"}],"wp:featuredmedia":[{"embeddable":true,"href":"https:\/\/guitarmusichall.com.mx\/shop\/wp-json\/wp\/v2\/media\/9803"}],"wp:attachment":[{"href":"https:\/\/guitarmusichall.com.mx\/shop\/wp-json\/wp\/v2\/media?parent=9802"}],"wp:term":[{"taxonomy":"product_brand","embeddable":true,"href":"https:\/\/guitarmusichall.com.mx\/shop\/wp-json\/wp\/v2\/product_brand?post=9802"},{"taxonomy":"product_cat","embeddable":true,"href":"https:\/\/guitarmusichall.com.mx\/shop\/wp-json\/wp\/v2\/product_cat?post=9802"},{"taxonomy":"product_tag","embeddable":true,"href":"https:\/\/guitarmusichall.com.mx\/shop\/wp-json\/wp\/v2\/product_tag?post=9802"}],"curies":[{"name":"wp","href":"https:\/\/api.w.org\/{rel}","templated":true}]}}