{"id":9809,"date":"2025-06-20T22:29:51","date_gmt":"2025-06-20T22:29:51","guid":{"rendered":"https:\/\/guitarmusichall.com.mx\/shop\/?post_type=product&#038;p=9809"},"modified":"2025-06-20T22:30:26","modified_gmt":"2025-06-20T22:30:26","slug":"ehx-linear-power-booster-3","status":"publish","type":"product","link":"https:\/\/guitarmusichall.com.mx\/shop\/producto\/ehx-linear-power-booster-3\/","title":{"rendered":"EHX LINEAR POWER BOOSTER 3"},"content":{"rendered":"","protected":false},"excerpt":{"rendered":"<p><strong>DESCRIPCION DEL PRODUCTO<\/strong><\/p>\n<p>Pedal Electro-Harmonix Linear Power Booster 3<\/p>\n<p><strong>NUMERO DE PRODUCTO<\/strong><\/p>\n<p>LPB3<\/p>\n<p><strong>CARACTERISTICAS DEL PRODUCTO<\/strong><\/p>\n<p>El efecto que lanz\u00f3 Electro-Harmonix se renueva con el Electro-Harmonix LPB-3 Linear Power Booster. Con un ecualizador activo con un potente control param\u00e9trico de medios y un impresionante boost de hasta 33 dB, el LPB-3 es la herramienta perfecta para cualquier tarea de personalizaci\u00f3n de sonido. Potencia tu sonido hasta una saturaci\u00f3n de felicidad con una precisi\u00f3n transformadora como nunca antes.<\/p>\n<p>Alojado en el chasis nanom\u00e9trico de EHX, el LPB-3 es capaz de aumentar hasta +33 dB de ganancia limpia con la potente modelaci\u00f3n de tono de un ecualizador de 3 bandas con medios param\u00e9tricos. El ecualizador activo de 3 bandas cuenta con perillas TREBLE y BASS para controlar los agudos y graves, adem\u00e1s de un potente control param\u00e9trico de medios con frecuencia de medios y Q ajustables. BOOST ajusta la salida general del pedal con el interruptor MAX alternando entre 20 dB y 33 dB de boost m\u00e1ximo. Utilice la perilla PRE-GAIN para ajustar con precisi\u00f3n la ganancia total y el volumen del boost.<\/p>\n<p>* Ecualizador activo para una modelaci\u00f3n precisa del tono<br \/>\n* Secci\u00f3n de medios param\u00e9tricos que se distingue por su nitidez en cualquier mezcla<br \/>\n* Hasta 33 dB de potencia de boost<br \/>\n* Potencia potenciada internamente para mayor espacio din\u00e1mico<br \/>\n* Inspirado en el efecto que lanz\u00f3 Electro-Harmonix en 1968, el LPB-1<br \/>\n* Adaptador de corriente de 9,6 V CC a 200 mA incluido.<\/p>\n","protected":false},"featured_media":9810,"template":"","meta":{"site-sidebar-layout":"default","site-content-layout":"","ast-site-content-layout":"default","site-content-style":"default","site-sidebar-style":"default","ast-global-header-display":"","ast-banner-title-visibility":"","ast-main-header-display":"","ast-hfb-above-header-display":"","ast-hfb-below-header-display":"","ast-hfb-mobile-header-display":"","site-post-title":"","ast-breadcrumbs-content":"","ast-featured-img":"","footer-sml-layout":"","ast-disable-related-posts":"","theme-transparent-header-meta":"default","adv-header-id-meta":"","stick-header-meta":"","header-above-stick-meta":"","header-main-stick-meta":"","header-below-stick-meta":"","astra-migrate-meta-layouts":"set","ast-page-background-enabled":"default","ast-page-background-meta":{"desktop":{"background-color":"","background-image":"","background-repeat":"repeat","background-position":"center center","background-size":"auto","background-attachment":"scroll","background-type":"","background-media":"","overlay-type":"","overlay-color":"","overlay-opacity":"","overlay-gradient":""},"tablet":{"background-color":"","background-image":"","background-repeat":"repeat","background-position":"center center","background-size":"auto","background-attachment":"scroll","background-type":"","background-media":"","overlay-type":"","overlay-color":"","overlay-opacity":"","overlay-gradient":""},"mobile":{"background-color":"","background-image":"","background-repeat":"repeat","background-position":"center center","background-size":"auto","background-attachment":"scroll","background-type":"","background-media":"","overlay-type":"","overlay-color":"","overlay-opacity":"","overlay-gradient":""}},"ast-content-background-meta":{"desktop":{"background-color":"var(--ast-global-color-5)","background-image":"","background-repeat":"repeat","background-position":"center center","background-size":"auto","background-attachment":"scroll","background-type":"","background-media":"","overlay-type":"","overlay-color":"","overlay-opacity":"","overlay-gradient":""},"tablet":{"background-color":"var(--ast-global-color-5)","background-image":"","background-repeat":"repeat","background-position":"center center","background-size":"auto","background-attachment":"scroll","background-type":"","background-media":"","overlay-type":"","overlay-color":"","overlay-opacity":"","overlay-gradient":""},"mobile":{"background-color":"var(--ast-global-color-5)","background-image":"","background-repeat":"repeat","background-position":"center center","background-size":"auto","background-attachment":"scroll","background-type":"","background-media":"","overlay-type":"","overlay-color":"","overlay-opacity":"","overlay-gradient":""}}},"product_brand":[],"product_cat":[36,153],"product_tag":[],"class_list":{"0":"post-9809","1":"product","2":"type-product","3":"status-publish","4":"has-post-thumbnail","6":"product_cat-electro-harmonix","7":"product_cat-electro-harmonix-guit","8":"desktop-align-left","9":"tablet-align-left","10":"mobile-align-left","12":"first","13":"instock","14":"shipping-taxable","15":"purchasable","16":"product-type-simple"},"jetpack_sharing_enabled":true,"_links":{"self":[{"href":"https:\/\/guitarmusichall.com.mx\/shop\/wp-json\/wp\/v2\/product\/9809","targetHints":{"allow":["GET"]}}],"collection":[{"href":"https:\/\/guitarmusichall.com.mx\/shop\/wp-json\/wp\/v2\/product"}],"about":[{"href":"https:\/\/guitarmusichall.com.mx\/shop\/wp-json\/wp\/v2\/types\/product"}],"wp:featuredmedia":[{"embeddable":true,"href":"https:\/\/guitarmusichall.com.mx\/shop\/wp-json\/wp\/v2\/media\/9810"}],"wp:attachment":[{"href":"https:\/\/guitarmusichall.com.mx\/shop\/wp-json\/wp\/v2\/media?parent=9809"}],"wp:term":[{"taxonomy":"product_brand","embeddable":true,"href":"https:\/\/guitarmusichall.com.mx\/shop\/wp-json\/wp\/v2\/product_brand?post=9809"},{"taxonomy":"product_cat","embeddable":true,"href":"https:\/\/guitarmusichall.com.mx\/shop\/wp-json\/wp\/v2\/product_cat?post=9809"},{"taxonomy":"product_tag","embeddable":true,"href":"https:\/\/guitarmusichall.com.mx\/shop\/wp-json\/wp\/v2\/product_tag?post=9809"}],"curies":[{"name":"wp","href":"https:\/\/api.w.org\/{rel}","templated":true}]}}